{"id":6863,"date":"2021-03-20T22:00:07","date_gmt":"2021-03-20T21:00:07","guid":{"rendered":"https:\/\/nacaj.cz\/indie\/?page_id=6863"},"modified":"2021-03-20T22:07:19","modified_gmt":"2021-03-20T21:07:19","slug":"pasivni-solarni-systemy","status":"publish","type":"page","link":"https:\/\/nacaj.cz\/indie\/pasivni-solarni-systemy\/","title":{"rendered":"* Pasivn\u00ed sol\u00e1rn\u00ed syst\u00e9my"},"content":{"rendered":"<div class=\"synved-social-container synved-social-container-share\" style=\"text-align: right\"><a class=\"synved-social-button synved-social-button-share synved-social-size-32 synved-social-resolution-single synved-social-provider-facebook nolightbox\" data-provider=\"facebook\" target=\"_blank\" rel=\"nofollow\" title=\"Sd\u00edlejte na facebook.com\" href=\"https:\/\/www.facebook.com\/sharer.php?u=https%3A%2F%2Fnacaj.cz%2Findie%2Fwp-json%2Fwp%2Fv2%2Fpages%2F6863&#038;t=%2A%20Pasivn%C3%AD%20sol%C3%A1rn%C3%AD%20syst%C3%A9my&#038;s=100&#038;p&#091;url&#093;=https%3A%2F%2Fnacaj.cz%2Findie%2Fwp-json%2Fwp%2Fv2%2Fpages%2F6863&#038;p&#091;images&#093;&#091;0&#093;=https%3A%2F%2Fnacaj.cz%2Findie%2Fwp-content%2Fuploads%2F2021%2F03%2FSolarni-kolektor-trombeho-stena-566x660.png&#038;p&#091;title&#093;=%2A%20Pasivn%C3%AD%20sol%C3%A1rn%C3%AD%20syst%C3%A9my\" style=\"font-size: 0px; width:32px;height:32px;margin:0;margin-bottom:5px;margin-right:5px;\"><img alt=\"Facebook\" title=\"Sd\u00edlejte na facebook.com\" class=\"synved-share-image synved-social-image synved-social-image-share\" width=\"32\" height=\"32\" style=\"display: inline; width:32px;height:32px; margin: 0; padding: 0; border: none; box-shadow: none;\" src=\"https:\/\/nacaj.cz\/indie\/wp-content\/plugins\/social-media-feather\/synved-social\/image\/social\/regular\/64x64\/facebook.png\" \/><\/a><a class=\"synved-social-button synved-social-button-share synved-social-size-32 synved-social-resolution-single synved-social-provider-twitter nolightbox\" data-provider=\"twitter\" target=\"_blank\" rel=\"nofollow\" title=\"Sd\u00edlejte na Twitteru\" href=\"https:\/\/twitter.com\/intent\/tweet?url=https%3A%2F%2Fnacaj.cz%2Findie%2Fwp-json%2Fwp%2Fv2%2Fpages%2F6863&#038;text=Sdd%C3%ADlejte%20s%20p%C5%99%C3%A1teli\" style=\"font-size: 0px; width:32px;height:32px;margin:0;margin-bottom:5px;margin-right:5px;\"><img alt=\"twitter\" title=\"Sd\u00edlejte na Twitteru\" class=\"synved-share-image synved-social-image synved-social-image-share\" width=\"32\" height=\"32\" style=\"display: inline; width:32px;height:32px; margin: 0; padding: 0; border: none; box-shadow: none;\" src=\"https:\/\/nacaj.cz\/indie\/wp-content\/plugins\/social-media-feather\/synved-social\/image\/social\/regular\/64x64\/twitter.png\" \/><\/a><a class=\"synved-social-button synved-social-button-share synved-social-size-32 synved-social-resolution-single synved-social-provider-reddit nolightbox\" data-provider=\"reddit\" target=\"_blank\" rel=\"nofollow\" title=\"Sd\u00edlejte na Reddit\" href=\"https:\/\/www.reddit.com\/submit?url=https%3A%2F%2Fnacaj.cz%2Findie%2Fwp-json%2Fwp%2Fv2%2Fpages%2F6863&#038;title=%2A%20Pasivn%C3%AD%20sol%C3%A1rn%C3%AD%20syst%C3%A9my\" style=\"font-size: 0px; width:32px;height:32px;margin:0;margin-bottom:5px;margin-right:5px;\"><img alt=\"reddit\" title=\"Sd\u00edlejte na Reddit\" class=\"synved-share-image synved-social-image synved-social-image-share\" width=\"32\" height=\"32\" style=\"display: inline; width:32px;height:32px; margin: 0; padding: 0; border: none; box-shadow: none;\" src=\"https:\/\/nacaj.cz\/indie\/wp-content\/plugins\/social-media-feather\/synved-social\/image\/social\/regular\/64x64\/reddit.png\" \/><\/a><a class=\"synved-social-button synved-social-button-share synved-social-size-32 synved-social-resolution-single synved-social-provider-pinterest nolightbox\" data-provider=\"pinterest\" target=\"_blank\" rel=\"nofollow\" title=\"Pin it with Pinterest\" href=\"https:\/\/pinterest.com\/pin\/create\/button\/?url=https%3A%2F%2Fnacaj.cz%2Findie%2Fwp-json%2Fwp%2Fv2%2Fpages%2F6863&#038;media=https%3A%2F%2Fnacaj.cz%2Findie%2Fwp-content%2Fuploads%2F2021%2F03%2FSolarni-kolektor-trombeho-stena-566x660.png&#038;description=%2A%20Pasivn%C3%AD%20sol%C3%A1rn%C3%AD%20syst%C3%A9my\" style=\"font-size: 0px; width:32px;height:32px;margin:0;margin-bottom:5px;margin-right:5px;\"><img alt=\"pinterest\" title=\"Pin it with Pinterest\" class=\"synved-share-image synved-social-image synved-social-image-share\" width=\"32\" height=\"32\" style=\"display: inline; width:32px;height:32px; margin: 0; padding: 0; border: none; box-shadow: none;\" src=\"https:\/\/nacaj.cz\/indie\/wp-content\/plugins\/social-media-feather\/synved-social\/image\/social\/regular\/64x64\/pinterest.png\" \/><\/a><a class=\"synved-social-button synved-social-button-share synved-social-size-32 synved-social-resolution-single synved-social-provider-linkedin nolightbox\" data-provider=\"linkedin\" target=\"_blank\" rel=\"nofollow\" title=\"Sd\u00edlejte na Linkedin\" href=\"https:\/\/www.linkedin.com\/shareArticle?mini=true&#038;url=https%3A%2F%2Fnacaj.cz%2Findie%2Fwp-json%2Fwp%2Fv2%2Fpages%2F6863&#038;title=%2A%20Pasivn%C3%AD%20sol%C3%A1rn%C3%AD%20syst%C3%A9my\" style=\"font-size: 0px; width:32px;height:32px;margin:0;margin-bottom:5px;margin-right:5px;\"><img alt=\"linkedin\" title=\"Sd\u00edlejte na Linkedin\" class=\"synved-share-image synved-social-image synved-social-image-share\" width=\"32\" height=\"32\" style=\"display: inline; width:32px;height:32px; margin: 0; padding: 0; border: none; box-shadow: none;\" src=\"https:\/\/nacaj.cz\/indie\/wp-content\/plugins\/social-media-feather\/synved-social\/image\/social\/regular\/64x64\/linkedin.png\" \/><\/a><a class=\"synved-social-button synved-social-button-share synved-social-size-32 synved-social-resolution-single synved-social-provider-tumblr nolightbox\" data-provider=\"tumblr\" target=\"_blank\" rel=\"nofollow\" title=\"Sd\u00edlejte na Tumblr\" href=\"https:\/\/tumblr.com\/share?s=&#038;v=3&#038;t=%2A%20Pasivn%C3%AD%20sol%C3%A1rn%C3%AD%20syst%C3%A9my&#038;u=https%3A%2F%2Fnacaj.cz%2Findie%2Fwp-json%2Fwp%2Fv2%2Fpages%2F6863\" style=\"font-size: 0px; width:32px;height:32px;margin:0;margin-bottom:5px;\"><img alt=\"tumblr\" title=\"Sd\u00edlejte na Tumblr\" class=\"synved-share-image synved-social-image synved-social-image-share\" width=\"32\" height=\"32\" style=\"display: inline; width:32px;height:32px; margin: 0; padding: 0; border: none; box-shadow: none;\" src=\"https:\/\/nacaj.cz\/indie\/wp-content\/plugins\/social-media-feather\/synved-social\/image\/social\/regular\/64x64\/tumblr.png\" \/><\/a><\/div><h4><span style=\"color: #339966;\"><strong>LIVING<\/strong>:<\/span>&nbsp; <span style=\"color: #808080;\"><span style=\"color: #999999;\">bydlen\u00ed, stav\u011bn\u00ed, materi\u00e1ly, inspirac<\/span>e<\/span><\/h4>\n<h4>| <a href=\"https:\/\/nacaj.cz\/indie\/bydleni\/\">stavba<\/a> | <a href=\"https:\/\/nacaj.cz\/indie\/solarni-energie\/\">sol\u00e1rn\u00ed energie<\/a> | <a href=\"https:\/\/nacaj.cz\/indie\/bydleni-inspirace\/\">inspirace<\/a> |<\/h4>\n<hr>\n<p>&nbsp;<\/p>\n<h2><span style=\"color: #808080;\">Trombeho st\u011bna<\/span><\/h2>\n<h4><span style=\"color: #808080;\">Pas\u00edvn\u00ed sol\u00e1rn\u00ed syst\u00e9m slou\u017e\u00edc\u00ed k oh\u0159evu vzduchu, akumulaci tepla ale i k ventilaci.<\/span><\/h4>\n<p>&nbsp;<\/p>\n<h4>Jak funguje Trombeho st\u011bna<\/h4>\n<p>Na rozd\u00edl od aktivn\u00edho sol\u00e1rn\u00edho syst\u00e9mu, kter\u00fd vyu\u017e\u00edv\u00e1 hardware a mechanick\u00e1 za\u0159\u00edzen\u00ed ke shroma\u017e\u010fov\u00e1n\u00ed nebo transportu tepla, je Trombeho st\u011bna pasivn\u00edm sol\u00e1rn\u00edm syst\u00e9mem, kde tepeln\u00e1 energie proud\u00ed v syst\u00e9mu p\u0159irozenou cestou, nap\u0159\u00edklad s\u00e1l\u00e1n\u00edm, veden\u00edm a p\u0159irozenou konvekc\u00ed. V d\u016fsledku toho st\u011bna funguje tak, \u017ee absorbuje slune\u010dn\u00ed z\u00e1\u0159en\u00ed na sv\u00e9 vn\u011bj\u0161\u00ed stran\u011b a n\u00e1sledn\u011b toto teplo p\u0159en\u00e1\u0161\u00ed skrze st\u011bnu veden\u00edm. Teplo veden\u00e9 st\u011bnou se pak z vnit\u0159n\u00edho povrchu st\u011bny \u0161\u00ed\u0159\u00ed do obytn\u00e9ho prostoru s\u00e1l\u00e1n\u00edm a do jist\u00e9 m\u00edry i konvekc\u00ed.<\/p>\n<p>Sklen\u00edkov\u00fd efekt pom\u00e1h\u00e1 tomuto syst\u00e9mu t\u00edm, \u017ee zachycuje slune\u010dn\u00ed z\u00e1\u0159en\u00ed mezi zasklen\u00edm a tepelnou hmotou. Teplo ze slunce ve form\u011b z\u00e1\u0159en\u00ed krat\u0161\u00edch vlnov\u00fdch d\u00e9lek proch\u00e1z\u00ed zasklen\u00edm do zna\u010dn\u00e9 m\u00edry neru\u0161en\u011b. Kdy\u017e toto z\u00e1\u0159en\u00ed naraz\u00ed na tmav\u011b zbarven\u00fd povrch tepeln\u00e9 hmoty obr\u00e1cen\u00fd ke slunci, energie je pohlcena a pot\u00e9 znovu vyz\u00e1\u0159ena ve form\u011b z\u00e1\u0159en\u00ed o del\u0161\u00ed vlnov\u00e9 d\u00e9lce, kter\u00e9 nem\u016f\u017ee proj\u00edt zasklen\u00edm tak snadno. Proto se teplo zachycuje a hromad\u00ed ve vzduchov\u00e9m prostoru mezi tepelnou hmotou s vysokou tepelnou kapacitou a zasklen\u00edm obr\u00e1cen\u00fdm ke slunci.<\/p>\n<p>Dal\u0161\u00edm jevem, kter\u00fd hraje roli p\u0159i fungov\u00e1n\u00ed Trombeho st\u011bny, je \u010dasov\u00e1 prodleva zp\u016fsoben\u00e1 tepelnou kapacitou materi\u00e1l\u016f. Jeliko\u017e jsou Trombeho st\u011bny pom\u011brn\u011b tlust\u00e9 a vyroben\u00e9 z materi\u00e1l\u016f s vysokou tepelnou kapacitou, je tok tepla z teplej\u0161\u00edho vn\u011bj\u0161\u00edho povrchu na vnit\u0159n\u00ed povrch pomalej\u0161\u00ed ne\u017e u jin\u00fdch materi\u00e1l\u016f s ni\u017e\u0161\u00ed tepelnou kapacitou. Tento jev zpo\u017ed\u011bn\u00e9ho tepeln\u00e9ho toku se naz\u00fdv\u00e1 \u010dasov\u00e9 zpo\u017ed\u011bn\u00ed a zp\u016fsobuje, \u017ee teplo z\u00edskan\u00e9 b\u011bhem dne se na vnit\u0159n\u00ed povrch tepeln\u00e9 hmoty dostane pozd\u011bji. Tato vlastnost hmoty pom\u00e1h\u00e1 vyt\u00e1p\u011bt obytn\u00fd prostor i ve ve\u010dern\u00edch hodin\u00e1ch. Pokud je tedy tepeln\u00e1 hmota dostate\u010dn\u00e1, m\u016f\u017ee st\u011bna fungovat jako s\u00e1lav\u00e9 topen\u00ed po celou noc. Na druhou stranu, pokud je hmota p\u0159\u00edli\u0161 siln\u00e1, trv\u00e1 j\u00ed p\u0159\u00edli\u0161 dlouho, ne\u017e p\u0159ed\u00e1 nashrom\u00e1\u017ed\u011bnou tepelnou energii, a obytn\u00fd prostor tak nedostane dostatek tepla ve ve\u010dern\u00edch hodin\u00e1ch, kdy je ho nejv\u00edce pot\u0159eba. Stejn\u011b tak pokud je tepeln\u00e1 hmota p\u0159\u00edli\u0161 tenk\u00e1, p\u0159ed\u00e1v\u00e1 teplo rychle, co\u017e m\u00e1 za n\u00e1sledek p\u0159eh\u0159\u00edv\u00e1n\u00ed obytn\u00e9ho prostoru b\u011bhem dne a m\u00e1lo energie zb\u00fdv\u00e1 na ve\u010der. Tak\u00e9 Trombeho st\u011bny vyu\u017e\u00edvaj\u00edc\u00ed vodu jako tepelnou hmotu shroma\u017e\u010fuj\u00ed a rozv\u00e1d\u011bj\u00ed teplo do prostoru stejn\u00fdm zp\u016fsobem, ale p\u0159ed\u00e1vaj\u00ed teplo p\u0159es sou\u010d\u00e1sti st\u011bny (trubky, l\u00e1hve, sudy, barely atd.) konvekc\u00ed, nikoli veden\u00edm, a konvek\u010dn\u00ed v\u00fdkon vodn\u00edch st\u011bn se li\u0161\u00ed podle jejich r\u016fzn\u00fdch tepeln\u00fdch v\u00fdkon\u016f. V\u011bt\u0161\u00ed akumula\u010dn\u00ed objemy poskytuj\u00ed v\u011bt\u0161\u00ed a dlouhodob\u011bj\u0161\u00ed kapacitu akumulace tepla, zat\u00edmco men\u0161\u00ed obsa\u017een\u00e9 objemy poskytuj\u00ed v\u011bt\u0161\u00ed teplosm\u011bnn\u00e9 plochy, a t\u00edm i rychlej\u0161\u00ed distribuci.<\/p>\n<p>Aby se minimalizovaly mo\u017en\u00e9 nev\u00fdhody syst\u00e9mu Trombeho st\u011bn, je mo\u017en\u00e9 pou\u017e\u00edt dal\u0161\u00ed strategie tepeln\u00e9 regulace konstrukce st\u011bn. Nap\u0159\u00edklad minim\u00e1ln\u00ed vzd\u00e1lenost 10 cm mezi sklem a hmotou umo\u017e\u0148uje \u010di\u0161t\u011bn\u00ed zasklen\u00ed a vlo\u017een\u00ed rolovac\u00ed s\u00e1lav\u00e9 z\u00e1brany podle pot\u0159eby. P\u0159id\u00e1n\u00edm s\u00e1lav\u00e9 z\u00e1brany nebo no\u010dn\u00ed izolace mezi zasklen\u00ed a tepelnou hmotu se sn\u00ed\u017e\u00ed no\u010dn\u00ed tepeln\u00e9 ztr\u00e1ty a letn\u00ed denn\u00ed tepeln\u00e9 zisky. Aby se v\u0161ak zabr\u00e1nilo p\u0159eh\u0159\u00edv\u00e1n\u00ed v l\u00e9t\u011b, bylo by nejlep\u0161\u00ed kombinovat tuto strategii s venkovn\u00edm st\u00ednic\u00edm za\u0159\u00edzen\u00edm, jako je roleta, p\u0159esah st\u0159echy nebo vnit\u0159n\u00ed st\u00edn\u011bn\u00ed, kter\u00e9 by blokovalo nadm\u011brn\u00e9 slune\u010dn\u00ed z\u00e1\u0159en\u00ed oh\u0159\u00edvaj\u00edc\u00ed Trombeho st\u011bnu.<\/p>\n<p>&nbsp;<\/p>\n<p><a href=\"https:\/\/nacaj.cz\/indie\/wp-content\/uploads\/2021\/03\/Solarni-kolektor-trombeho-stena.png\"><img loading=\"lazy\" class=\"size-medium wp-image-6864 alignnone\" src=\"https:\/\/nacaj.cz\/indie\/wp-content\/uploads\/2021\/03\/Solarni-kolektor-trombeho-stena-566x660.png\" alt=\"\" width=\"566\" height=\"660\" srcset=\"https:\/\/nacaj.cz\/indie\/wp-content\/uploads\/2021\/03\/Solarni-kolektor-trombeho-stena-566x660.png 566w, https:\/\/nacaj.cz\/indie\/wp-content\/uploads\/2021\/03\/Solarni-kolektor-trombeho-stena-772x900.png 772w, https:\/\/nacaj.cz\/indie\/wp-content\/uploads\/2021\/03\/Solarni-kolektor-trombeho-stena-129x150.png 129w, https:\/\/nacaj.cz\/indie\/wp-content\/uploads\/2021\/03\/Solarni-kolektor-trombeho-stena-768x895.png 768w, https:\/\/nacaj.cz\/indie\/wp-content\/uploads\/2021\/03\/Solarni-kolektor-trombeho-stena.png 1029w\" sizes=\"(max-width: 566px) 100vw, 566px\" \/><\/a><\/p>\n<p>&nbsp;<\/p>\n<p>&nbsp;<\/p>\n<hr>\n<h4><span style=\"color: #808080;\">Jin\u00e9 \u010dl\u00e1nky:&nbsp;<\/span><\/h4>\n<ul>\n<li><span style=\"color: #333399;\"><a style=\"color: #333399;\" href=\"https:\/\/nacaj.cz\/indie\/solarni-energie\/\">Sol\u00e1rn\u00ed energie<\/a><\/span><\/li>\n<li><span style=\"color: #333399;\"><a style=\"color: #333399;\" title=\"Fotovoltaika: Sol\u00e1rn\u00ed panely: typy sol\u00e1rn\u00edch panel\u016f: srovn\u00e1n\u00ed\" href=\"https:\/\/nacaj.cz\/indie\/fotovoltaika-solarni-panely\/\">Fotovoltaika: Sol\u00e1rn\u00ed panely: typy sol\u00e1rn\u00edch panel\u016f<\/a><\/span><\/li>\n<li><span style=\"color: #333399;\"><a style=\"color: #333399;\" title=\"Pas\u00edvn\u00ed sol\u00e1rn\u00ed syst\u00e9m k oh\u0159evu vzduchu a akumulaci tepla\" href=\"https:\/\/nacaj.cz\/indie\/pasivni-solarni-systemy\/\">Pas\u00edvn\u00ed sol\u00e1rn\u00ed syst\u00e9m k oh\u0159evu vzduchu a akumulaci tepla<\/a><\/span><\/li>\n<li><span style=\"color: #333399;\"><a style=\"color: #333399;\" title=\"Architektura - bydlen\u00ed - inspirace\" href=\"https:\/\/nacaj.cz\/indie\/bydleni-inspirace\/\">Architektura &#8211; bydlen\u00ed &#8211; inspirace<\/a><\/span><\/li>\n<li><span style=\"color: #333399;\"><a style=\"color: #333399;\" title=\"Kvalitn\u00ed webhosting v \u010cech\u00e1ch za dobrou cenu\" href=\"https:\/\/nacaj.cz\/indie\/kvalitni-webhosting-za-dobrou-cenu\/\">Kvalitn\u00ed webhosting v \u010cech\u00e1ch za dobrou cenu<\/a><\/span><\/li>\n<li><span style=\"color: #333399;\"><a style=\"color: #333399;\" title=\"Recenze HP Pavilion 15-cw\" href=\"https:\/\/nacaj.cz\/indie\/hp-pavilion-15-cw\/\">HP Pavilion 15-cw, notebook kter\u00fd se nepovedl<\/a><\/span><\/li>\n<\/ul>\n<div class=\"synved-social-container synved-social-container-share\" style=\"text-align: right\"><a class=\"synved-social-button synved-social-button-share synved-social-size-32 synved-social-resolution-single synved-social-provider-facebook nolightbox\" data-provider=\"facebook\" target=\"_blank\" rel=\"nofollow\" title=\"Sd\u00edlejte na facebook.com\" href=\"https:\/\/www.facebook.com\/sharer.php?u=https%3A%2F%2Fnacaj.cz%2Findie%2Fwp-json%2Fwp%2Fv2%2Fpages%2F6863&#038;t=%2A%20Pasivn%C3%AD%20sol%C3%A1rn%C3%AD%20syst%C3%A9my&#038;s=100&#038;p&#091;url&#093;=https%3A%2F%2Fnacaj.cz%2Findie%2Fwp-json%2Fwp%2Fv2%2Fpages%2F6863&#038;p&#091;images&#093;&#091;0&#093;=https%3A%2F%2Fnacaj.cz%2Findie%2Fwp-content%2Fuploads%2F2021%2F03%2FSolarni-kolektor-trombeho-stena-566x660.png&#038;p&#091;title&#093;=%2A%20Pasivn%C3%AD%20sol%C3%A1rn%C3%AD%20syst%C3%A9my\" style=\"font-size: 0px; width:32px;height:32px;margin:0;margin-bottom:5px;margin-right:5px;\"><img alt=\"Facebook\" title=\"Sd\u00edlejte na facebook.com\" class=\"synved-share-image synved-social-image synved-social-image-share\" width=\"32\" height=\"32\" style=\"display: inline; width:32px;height:32px; margin: 0; padding: 0; border: none; box-shadow: none;\" src=\"https:\/\/nacaj.cz\/indie\/wp-content\/plugins\/social-media-feather\/synved-social\/image\/social\/regular\/64x64\/facebook.png\" \/><\/a><a class=\"synved-social-button synved-social-button-share synved-social-size-32 synved-social-resolution-single synved-social-provider-twitter nolightbox\" data-provider=\"twitter\" target=\"_blank\" rel=\"nofollow\" title=\"Sd\u00edlejte na Twitteru\" href=\"https:\/\/twitter.com\/intent\/tweet?url=https%3A%2F%2Fnacaj.cz%2Findie%2Fwp-json%2Fwp%2Fv2%2Fpages%2F6863&#038;text=Sdd%C3%ADlejte%20s%20p%C5%99%C3%A1teli\" style=\"font-size: 0px; width:32px;height:32px;margin:0;margin-bottom:5px;margin-right:5px;\"><img alt=\"twitter\" title=\"Sd\u00edlejte na Twitteru\" class=\"synved-share-image synved-social-image synved-social-image-share\" width=\"32\" height=\"32\" style=\"display: inline; width:32px;height:32px; margin: 0; padding: 0; border: none; box-shadow: none;\" src=\"https:\/\/nacaj.cz\/indie\/wp-content\/plugins\/social-media-feather\/synved-social\/image\/social\/regular\/64x64\/twitter.png\" \/><\/a><a class=\"synved-social-button synved-social-button-share synved-social-size-32 synved-social-resolution-single synved-social-provider-reddit nolightbox\" data-provider=\"reddit\" target=\"_blank\" rel=\"nofollow\" title=\"Sd\u00edlejte na Reddit\" href=\"https:\/\/www.reddit.com\/submit?url=https%3A%2F%2Fnacaj.cz%2Findie%2Fwp-json%2Fwp%2Fv2%2Fpages%2F6863&#038;title=%2A%20Pasivn%C3%AD%20sol%C3%A1rn%C3%AD%20syst%C3%A9my\" style=\"font-size: 0px; width:32px;height:32px;margin:0;margin-bottom:5px;margin-right:5px;\"><img alt=\"reddit\" title=\"Sd\u00edlejte na Reddit\" class=\"synved-share-image synved-social-image synved-social-image-share\" width=\"32\" height=\"32\" style=\"display: inline; width:32px;height:32px; margin: 0; padding: 0; border: none; box-shadow: none;\" src=\"https:\/\/nacaj.cz\/indie\/wp-content\/plugins\/social-media-feather\/synved-social\/image\/social\/regular\/64x64\/reddit.png\" \/><\/a><a class=\"synved-social-button synved-social-button-share synved-social-size-32 synved-social-resolution-single synved-social-provider-pinterest nolightbox\" data-provider=\"pinterest\" target=\"_blank\" rel=\"nofollow\" title=\"Pin it with Pinterest\" href=\"https:\/\/pinterest.com\/pin\/create\/button\/?url=https%3A%2F%2Fnacaj.cz%2Findie%2Fwp-json%2Fwp%2Fv2%2Fpages%2F6863&#038;media=https%3A%2F%2Fnacaj.cz%2Findie%2Fwp-content%2Fuploads%2F2021%2F03%2FSolarni-kolektor-trombeho-stena-566x660.png&#038;description=%2A%20Pasivn%C3%AD%20sol%C3%A1rn%C3%AD%20syst%C3%A9my\" style=\"font-size: 0px; width:32px;height:32px;margin:0;margin-bottom:5px;margin-right:5px;\"><img alt=\"pinterest\" title=\"Pin it with Pinterest\" class=\"synved-share-image synved-social-image synved-social-image-share\" width=\"32\" height=\"32\" style=\"display: inline; width:32px;height:32px; margin: 0; padding: 0; border: none; box-shadow: none;\" src=\"https:\/\/nacaj.cz\/indie\/wp-content\/plugins\/social-media-feather\/synved-social\/image\/social\/regular\/64x64\/pinterest.png\" \/><\/a><a class=\"synved-social-button synved-social-button-share synved-social-size-32 synved-social-resolution-single synved-social-provider-linkedin nolightbox\" data-provider=\"linkedin\" target=\"_blank\" rel=\"nofollow\" title=\"Sd\u00edlejte na Linkedin\" href=\"https:\/\/www.linkedin.com\/shareArticle?mini=true&#038;url=https%3A%2F%2Fnacaj.cz%2Findie%2Fwp-json%2Fwp%2Fv2%2Fpages%2F6863&#038;title=%2A%20Pasivn%C3%AD%20sol%C3%A1rn%C3%AD%20syst%C3%A9my\" style=\"font-size: 0px; width:32px;height:32px;margin:0;margin-bottom:5px;margin-right:5px;\"><img alt=\"linkedin\" title=\"Sd\u00edlejte na Linkedin\" class=\"synved-share-image synved-social-image synved-social-image-share\" width=\"32\" height=\"32\" style=\"display: inline; width:32px;height:32px; margin: 0; padding: 0; border: none; box-shadow: none;\" src=\"https:\/\/nacaj.cz\/indie\/wp-content\/plugins\/social-media-feather\/synved-social\/image\/social\/regular\/64x64\/linkedin.png\" \/><\/a><a class=\"synved-social-button synved-social-button-share synved-social-size-32 synved-social-resolution-single synved-social-provider-tumblr nolightbox\" data-provider=\"tumblr\" target=\"_blank\" rel=\"nofollow\" title=\"Sd\u00edlejte na Tumblr\" href=\"https:\/\/tumblr.com\/share?s=&#038;v=3&#038;t=%2A%20Pasivn%C3%AD%20sol%C3%A1rn%C3%AD%20syst%C3%A9my&#038;u=https%3A%2F%2Fnacaj.cz%2Findie%2Fwp-json%2Fwp%2Fv2%2Fpages%2F6863\" style=\"font-size: 0px; width:32px;height:32px;margin:0;margin-bottom:5px;\"><img alt=\"tumblr\" title=\"Sd\u00edlejte na Tumblr\" class=\"synved-share-image synved-social-image synved-social-image-share\" width=\"32\" height=\"32\" style=\"display: inline; width:32px;height:32px; margin: 0; padding: 0; border: none; box-shadow: none;\" src=\"https:\/\/nacaj.cz\/indie\/wp-content\/plugins\/social-media-feather\/synved-social\/image\/social\/regular\/64x64\/tumblr.png\" \/><\/a><\/div>","protected":false},"excerpt":{"rendered":"<p>LIVING:&nbsp; bydlen\u00ed, stav\u011bn\u00ed, materi\u00e1ly, inspirace | stavba | sol\u00e1rn\u00ed energie | inspirace | &nbsp; Trombeho st\u011bna Pas\u00edvn\u00ed sol\u00e1rn\u00ed syst\u00e9m slou\u017e\u00edc\u00ed k oh\u0159evu vzduchu, akumulaci tepla ale i k ventilaci. &nbsp; [&hellip;]<\/p>\n","protected":false},"author":1,"featured_media":0,"parent":0,"menu_order":0,"comment_status":"closed","ping_status":"closed","template":"","meta":{"ngg_post_thumbnail":0},"yoast_head":"<!-- This site is optimized with the Yoast SEO plugin v16.3 - https:\/\/yoast.com\/wordpress\/plugins\/seo\/ -->\n<title>Pasivn\u00ed sol\u00e1rn\u00ed syst\u00e9my: Sol\u00e1rn\u00ed kolektory: Trombeho st\u011bna.<\/title>\n<meta name=\"description\" content=\"Sol\u00e1rn\u00ed energie. Vyu\u017eit\u00ed slune\u010dn\u00edho z\u00e1\u0159en\u00ed. Pas\u00edvn\u00ed sol\u00e1rn\u00ed syst\u00e9m k oh\u0159evu vzduchu, akumulaci tepla i k ventilaci. Sol\u00e1rn\u00ed kolektor. Energie ze slunce.\" \/>\n<meta name=\"robots\" content=\"index, follow, max-snippet:-1, max-image-preview:large, max-video-preview:-1\" \/>\n<link rel=\"canonical\" href=\"https:\/\/nacaj.cz\/indie\/pasivni-solarni-systemy\/\" \/>\n<meta property=\"og:locale\" content=\"cs_CZ\" \/>\n<meta property=\"og:type\" content=\"article\" \/>\n<meta property=\"og:title\" content=\"Pasivn\u00ed sol\u00e1rn\u00ed syst\u00e9my: Sol\u00e1rn\u00ed kolektory: Trombeho st\u011bna.\" \/>\n<meta property=\"og:description\" content=\"Sol\u00e1rn\u00ed energie. Vyu\u017eit\u00ed slune\u010dn\u00edho z\u00e1\u0159en\u00ed. Pas\u00edvn\u00ed sol\u00e1rn\u00ed syst\u00e9m k oh\u0159evu vzduchu, akumulaci tepla i k ventilaci. Sol\u00e1rn\u00ed kolektor. Energie ze slunce.\" \/>\n<meta property=\"og:url\" content=\"https:\/\/nacaj.cz\/indie\/pasivni-solarni-systemy\/\" \/>\n<meta property=\"og:site_name\" content=\"INDIE - Cestov\u00e1n\u00ed po Indii\" \/>\n<meta property=\"article:publisher\" content=\"https:\/\/www.facebook.com\/travel.exotika\/\" \/>\n<meta property=\"article:modified_time\" content=\"2021-03-20T21:07:19+00:00\" \/>\n<meta property=\"og:image\" content=\"https:\/\/nacaj.cz\/indie\/wp-content\/uploads\/2021\/03\/Solarni-kolektor-trombeho-stena-566x660.png\" \/>\n<meta name=\"twitter:label1\" content=\"Odhadovan\u00e1 doba \u010dten\u00ed\">\n\t<meta name=\"twitter:data1\" content=\"3 minuty\">\n<script type=\"application\/ld+json\" class=\"yoast-schema-graph\">{\"@context\":\"https:\/\/schema.org\",\"@graph\":[{\"@type\":\"Organization\",\"@id\":\"https:\/\/nacaj.cz\/indie\/#organization\",\"name\":\"NaCaj.cz\",\"url\":\"https:\/\/nacaj.cz\/indie\/\",\"sameAs\":[\"https:\/\/www.facebook.com\/travel.exotika\/\"],\"logo\":{\"@type\":\"ImageObject\",\"@id\":\"https:\/\/nacaj.cz\/indie\/#logo\",\"inLanguage\":\"cs\",\"url\":\"https:\/\/nacaj.cz\/indie\/wp-content\/uploads\/2018\/01\/Indie-cestovani-po-indii.jpg\",\"contentUrl\":\"https:\/\/nacaj.cz\/indie\/wp-content\/uploads\/2018\/01\/Indie-cestovani-po-indii.jpg\",\"width\":651,\"height\":530,\"caption\":\"NaCaj.cz\"},\"image\":{\"@id\":\"https:\/\/nacaj.cz\/indie\/#logo\"}},{\"@type\":\"WebSite\",\"@id\":\"https:\/\/nacaj.cz\/indie\/#website\",\"url\":\"https:\/\/nacaj.cz\/indie\/\",\"name\":\"INDIE - Cestov\\u00e1n\\u00ed po Indii\",\"description\":\"Cestov\\u00e1n\\u00ed: Exotika :-)\",\"publisher\":{\"@id\":\"https:\/\/nacaj.cz\/indie\/#organization\"},\"potentialAction\":[{\"@type\":\"SearchAction\",\"target\":\"https:\/\/nacaj.cz\/indie\/?s={search_term_string}\",\"query-input\":\"required name=search_term_string\"}],\"inLanguage\":\"cs\"},{\"@type\":\"ImageObject\",\"@id\":\"https:\/\/nacaj.cz\/indie\/pasivni-solarni-systemy\/#primaryimage\",\"inLanguage\":\"cs\",\"url\":\"https:\/\/nacaj.cz\/indie\/wp-content\/uploads\/2021\/03\/Solarni-kolektor-trombeho-stena.png\",\"contentUrl\":\"https:\/\/nacaj.cz\/indie\/wp-content\/uploads\/2021\/03\/Solarni-kolektor-trombeho-stena.png\",\"width\":1029,\"height\":1200},{\"@type\":\"WebPage\",\"@id\":\"https:\/\/nacaj.cz\/indie\/pasivni-solarni-systemy\/#webpage\",\"url\":\"https:\/\/nacaj.cz\/indie\/pasivni-solarni-systemy\/\",\"name\":\"Pasivn\\u00ed sol\\u00e1rn\\u00ed syst\\u00e9my: Sol\\u00e1rn\\u00ed kolektory: Trombeho st\\u011bna.\",\"isPartOf\":{\"@id\":\"https:\/\/nacaj.cz\/indie\/#website\"},\"primaryImageOfPage\":{\"@id\":\"https:\/\/nacaj.cz\/indie\/pasivni-solarni-systemy\/#primaryimage\"},\"datePublished\":\"2021-03-20T21:00:07+00:00\",\"dateModified\":\"2021-03-20T21:07:19+00:00\",\"description\":\"Sol\\u00e1rn\\u00ed energie. Vyu\\u017eit\\u00ed slune\\u010dn\\u00edho z\\u00e1\\u0159en\\u00ed. Pas\\u00edvn\\u00ed sol\\u00e1rn\\u00ed syst\\u00e9m k oh\\u0159evu vzduchu, akumulaci tepla i k ventilaci. Sol\\u00e1rn\\u00ed kolektor. Energie ze slunce.\",\"breadcrumb\":{\"@id\":\"https:\/\/nacaj.cz\/indie\/pasivni-solarni-systemy\/#breadcrumb\"},\"inLanguage\":\"cs\",\"potentialAction\":[{\"@type\":\"ReadAction\",\"target\":[\"https:\/\/nacaj.cz\/indie\/pasivni-solarni-systemy\/\"]}]},{\"@type\":\"BreadcrumbList\",\"@id\":\"https:\/\/nacaj.cz\/indie\/pasivni-solarni-systemy\/#breadcrumb\",\"itemListElement\":[{\"@type\":\"ListItem\",\"position\":1,\"item\":{\"@type\":\"WebPage\",\"@id\":\"https:\/\/nacaj.cz\/indie\/\",\"url\":\"https:\/\/nacaj.cz\/indie\/\",\"name\":\"Dom\\u016f\"}},{\"@type\":\"ListItem\",\"position\":2,\"item\":{\"@id\":\"https:\/\/nacaj.cz\/indie\/pasivni-solarni-systemy\/#webpage\"}}]}]}<\/script>\n<!-- \/ Yoast SEO plugin. -->","_links":{"self":[{"href":"https:\/\/nacaj.cz\/indie\/wp-json\/wp\/v2\/pages\/6863"}],"collection":[{"href":"https:\/\/nacaj.cz\/indie\/wp-json\/wp\/v2\/pages"}],"about":[{"href":"https:\/\/nacaj.cz\/indie\/wp-json\/wp\/v2\/types\/page"}],"author":[{"embeddable":true,"href":"https:\/\/nacaj.cz\/indie\/wp-json\/wp\/v2\/users\/1"}],"replies":[{"embeddable":true,"href":"https:\/\/nacaj.cz\/indie\/wp-json\/wp\/v2\/comments?post=6863"}],"version-history":[{"count":0,"href":"https:\/\/nacaj.cz\/indie\/wp-json\/wp\/v2\/pages\/6863\/revisions"}],"wp:attachment":[{"href":"https:\/\/nacaj.cz\/indie\/wp-json\/wp\/v2\/media?parent=6863"}],"curies":[{"name":"wp","href":"https:\/\/api.w.org\/{rel}","templated":true}]}}