{"id":6410,"date":"2023-03-21T11:37:08","date_gmt":"2023-03-21T10:37:08","guid":{"rendered":"https:\/\/nacaj.cz\/indie\/?page_id=6410"},"modified":"2023-10-30T11:38:09","modified_gmt":"2023-10-30T10:38:09","slug":"mourek","status":"publish","type":"page","link":"https:\/\/nacaj.cz\/indie\/mourek\/","title":{"rendered":"! Mourek"},"content":{"rendered":"<div class=\"synved-social-container synved-social-container-share\" style=\"text-align: right\"><a class=\"synved-social-button synved-social-button-share synved-social-size-32 synved-social-resolution-single synved-social-provider-facebook nolightbox\" data-provider=\"facebook\" target=\"_blank\" rel=\"nofollow\" title=\"Sd\u00edlejte na facebook.com\" href=\"https:\/\/www.facebook.com\/sharer.php?u=https%3A%2F%2Fnacaj.cz%2Findie%2Fwp-json%2Fwp%2Fv2%2Fpages%2F6410&#038;t=%21%20Mourek&#038;s=100&#038;p&#091;url&#093;=https%3A%2F%2Fnacaj.cz%2Findie%2Fwp-json%2Fwp%2Fv2%2Fpages%2F6410&#038;p&#091;images&#093;&#091;0&#093;=&#038;p&#091;title&#093;=%21%20Mourek\" style=\"font-size: 0px; width:32px;height:32px;margin:0;margin-bottom:5px;margin-right:5px;\"><img alt=\"Facebook\" title=\"Sd\u00edlejte na facebook.com\" class=\"synved-share-image synved-social-image synved-social-image-share\" width=\"32\" height=\"32\" style=\"display: inline; width:32px;height:32px; margin: 0; padding: 0; border: none; box-shadow: none;\" src=\"https:\/\/nacaj.cz\/indie\/wp-content\/plugins\/social-media-feather\/synved-social\/image\/social\/regular\/64x64\/facebook.png\" \/><\/a><a class=\"synved-social-button synved-social-button-share synved-social-size-32 synved-social-resolution-single synved-social-provider-twitter nolightbox\" data-provider=\"twitter\" target=\"_blank\" rel=\"nofollow\" title=\"Sd\u00edlejte na Twitteru\" href=\"https:\/\/twitter.com\/intent\/tweet?url=https%3A%2F%2Fnacaj.cz%2Findie%2Fwp-json%2Fwp%2Fv2%2Fpages%2F6410&#038;text=Sdd%C3%ADlejte%20s%20p%C5%99%C3%A1teli\" style=\"font-size: 0px; width:32px;height:32px;margin:0;margin-bottom:5px;margin-right:5px;\"><img alt=\"twitter\" title=\"Sd\u00edlejte na Twitteru\" class=\"synved-share-image synved-social-image synved-social-image-share\" width=\"32\" height=\"32\" style=\"display: inline; width:32px;height:32px; margin: 0; padding: 0; border: none; box-shadow: none;\" src=\"https:\/\/nacaj.cz\/indie\/wp-content\/plugins\/social-media-feather\/synved-social\/image\/social\/regular\/64x64\/twitter.png\" \/><\/a><a class=\"synved-social-button synved-social-button-share synved-social-size-32 synved-social-resolution-single synved-social-provider-reddit nolightbox\" data-provider=\"reddit\" target=\"_blank\" rel=\"nofollow\" title=\"Sd\u00edlejte na Reddit\" href=\"https:\/\/www.reddit.com\/submit?url=https%3A%2F%2Fnacaj.cz%2Findie%2Fwp-json%2Fwp%2Fv2%2Fpages%2F6410&#038;title=%21%20Mourek\" style=\"font-size: 0px; width:32px;height:32px;margin:0;margin-bottom:5px;margin-right:5px;\"><img alt=\"reddit\" title=\"Sd\u00edlejte na Reddit\" class=\"synved-share-image synved-social-image synved-social-image-share\" width=\"32\" height=\"32\" style=\"display: inline; width:32px;height:32px; margin: 0; padding: 0; border: none; box-shadow: none;\" src=\"https:\/\/nacaj.cz\/indie\/wp-content\/plugins\/social-media-feather\/synved-social\/image\/social\/regular\/64x64\/reddit.png\" \/><\/a><a class=\"synved-social-button synved-social-button-share synved-social-size-32 synved-social-resolution-single synved-social-provider-pinterest nolightbox\" data-provider=\"pinterest\" target=\"_blank\" rel=\"nofollow\" title=\"Pin it with Pinterest\" href=\"https:\/\/pinterest.com\/pin\/create\/button\/?url=https%3A%2F%2Fnacaj.cz%2Findie%2Fwp-json%2Fwp%2Fv2%2Fpages%2F6410&#038;media=&#038;description=%21%20Mourek\" style=\"font-size: 0px; width:32px;height:32px;margin:0;margin-bottom:5px;margin-right:5px;\"><img alt=\"pinterest\" title=\"Pin it with Pinterest\" class=\"synved-share-image synved-social-image synved-social-image-share\" width=\"32\" height=\"32\" style=\"display: inline; width:32px;height:32px; margin: 0; padding: 0; border: none; box-shadow: none;\" src=\"https:\/\/nacaj.cz\/indie\/wp-content\/plugins\/social-media-feather\/synved-social\/image\/social\/regular\/64x64\/pinterest.png\" \/><\/a><a class=\"synved-social-button synved-social-button-share synved-social-size-32 synved-social-resolution-single synved-social-provider-linkedin nolightbox\" data-provider=\"linkedin\" target=\"_blank\" rel=\"nofollow\" title=\"Sd\u00edlejte na Linkedin\" href=\"https:\/\/www.linkedin.com\/shareArticle?mini=true&#038;url=https%3A%2F%2Fnacaj.cz%2Findie%2Fwp-json%2Fwp%2Fv2%2Fpages%2F6410&#038;title=%21%20Mourek\" style=\"font-size: 0px; width:32px;height:32px;margin:0;margin-bottom:5px;margin-right:5px;\"><img alt=\"linkedin\" title=\"Sd\u00edlejte na Linkedin\" class=\"synved-share-image synved-social-image synved-social-image-share\" width=\"32\" height=\"32\" style=\"display: inline; width:32px;height:32px; margin: 0; padding: 0; border: none; box-shadow: none;\" src=\"https:\/\/nacaj.cz\/indie\/wp-content\/plugins\/social-media-feather\/synved-social\/image\/social\/regular\/64x64\/linkedin.png\" \/><\/a><a class=\"synved-social-button synved-social-button-share synved-social-size-32 synved-social-resolution-single synved-social-provider-tumblr nolightbox\" data-provider=\"tumblr\" target=\"_blank\" rel=\"nofollow\" title=\"Sd\u00edlejte na Tumblr\" href=\"https:\/\/tumblr.com\/share?s=&#038;v=3&#038;t=%21%20Mourek&#038;u=https%3A%2F%2Fnacaj.cz%2Findie%2Fwp-json%2Fwp%2Fv2%2Fpages%2F6410\" style=\"font-size: 0px; width:32px;height:32px;margin:0;margin-bottom:5px;\"><img alt=\"tumblr\" title=\"Sd\u00edlejte na Tumblr\" class=\"synved-share-image synved-social-image synved-social-image-share\" width=\"32\" height=\"32\" style=\"display: inline; width:32px;height:32px; margin: 0; padding: 0; border: none; box-shadow: none;\" src=\"https:\/\/nacaj.cz\/indie\/wp-content\/plugins\/social-media-feather\/synved-social\/image\/social\/regular\/64x64\/tumblr.png\" \/><\/a><\/div><h3><span style=\"color: #339966;\"><strong>LIVING<\/strong>&nbsp;<\/span>&nbsp; <span style=\"color: #999999;\">&#8230;bydlen\u00ed, budov\u00e1n\u00ed, materi\u00e1ly, inspirace<\/span><\/h3>\n<h4>| <a href=\"https:\/\/nacaj.cz\/indie\/solarni-energie\/\">sol\u00e1rn\u00ed energie<\/a> |&nbsp;<a href=\"https:\/\/nacaj.cz\/indie\/bydleni\/\">stavba<\/a> |&nbsp;<a href=\"https:\/\/nacaj.cz\/indie\/bydleni-inspirace\/\">inspirace<\/a> |<\/h4>\n<hr>\n<p style=\"text-align: right;\"><span style=\"color: #ffe991; font-size: 50px;\">&#8230;na \u010daj<\/span><\/p>\n<h2><span style=\"color: #999999; font-size: 60px;\">ANDROID TV <\/span><span style=\"color: #999999;\">&#8230;nen\u00ed chytr\u00e1 jako chytr\u00e1<\/span><\/h2>\n<p>&nbsp;<\/p>\n<h4><span style=\"color: #808080;\">Zku\u0161enosti s chytrou televiz\u00ed a z TV boxem. <\/span><\/h4>\n<p>P\u0159iplatil jsem si a koupil chytrou Smart TV a rychle poznal, \u017ee ka\u017ed\u00e1 televize vyd\u00e1van\u00e1 za chytrou nemus\u00ed b\u00fdt a\u017e tak chytr\u00e1, ale blb\u00e1 a blb\u011bj\u0161\u00ed.<br \/>\nJen to, \u017ee v prospektu, nebo na obalu z\u00e1\u0159\u00ed hesla jako SMART TV, Internet a podobn\u011b, nemus\u00ed znamenat, \u017ee bude fungovat tak jak jsme si p\u0159edstavovali.<\/p>\n<p>Podstatn\u00e9 je jak\u00fd syst\u00e9m televize pou\u017e\u00edv\u00e1. Nov\u00fd PHILIPS se sv\u00fdm vlastn\u00edm opera\u010dn\u00edm syst\u00e9mem m\u011b opravdu zklamal. Do TV nainstaloval balast bloatware, mno\u017estv\u00ed komer\u010dn\u00edch aplikac\u00ed placen\u00fdch a reklamn\u00edch kan\u00e1l\u016f. To co by si cht\u011bl u\u017eivatel nainstalovat prost\u011b nen\u00ed jak. Nav\u00edc cel\u00fd ten nesmysln\u00fd syst\u00e9m je neuv\u011b\u0159iteln\u011b pomal\u00fd.&nbsp;<br \/>\nNakonec jsem stejn\u011b musel p\u0159ikoupit chytrou krabi\u010dku <strong>Xiaomi Mi Box S<\/strong> tak\u017ee kdybych si po\u0159\u00eddil stejn\u011b kvalitn\u00ed ne-chytrou DVBT2 televizi a k n\u00ed koupil tuto smart TV box, je\u0161t\u011b bych u\u0161et\u0159il.<\/p>\n<p>Obecn\u011b plat\u00ed, \u017ee nejosv\u011bd\u010den\u011bj\u0161\u00ed syst\u00e9m je Android TV.<\/p>\n<hr>\n<h3><span style=\"color: #808080;\">Jak ud\u011blat ze star\u0161\u00ed televize &#8222;chytrou TV&#8220;<\/span><\/h3>\n<h4><span style=\"color: #808080;\">Mal\u00e1 krabi\u010dka a z blb\u00e9&nbsp; je chyt\u0159ej\u0161\u00ed<\/span><\/h4>\n<p>S malou krabi\u010dkou se mi poda\u0159ilo ud\u011blat ze star\u0161\u00ed televize &#8222;chytrou TV&#8220; a nakonec i z nov\u00e9, ne p\u0159\u00edli\u0161 chytr\u00e9 SMART TV, je\u0161t\u011b chyt\u0159ej\u0161\u00ed.&nbsp;<br \/>\n&#8218;Xiaomi Mi Box S&#8216; b\u011b\u017e\u00ed svi\u017en\u011b na syst\u00e9mu Android. Lze do n\u011bj instalovat mno\u017estv\u00ed aplikac\u00ed z GooglePlay podobn\u011b jako u chytr\u00fdch telefon\u016f b\u011b\u017e\u00edc\u00edch na Androidu. Software syst\u00e9mu nezastar\u00e1v\u00e1 proto\u017ee automaticky nab\u00edz\u00ed nov\u00e9 aktualizace ke sta\u017een\u00ed a instalaci na jedno kliknut\u00ed.<\/p>\n<p><strong>Xiaomi Mi Box S<\/strong>:&nbsp;<a href=\"https:\/\/fzone.cz\/clanky\/test-xiaomi-mi-box-s-transplantujte-vyslouzile-televizi-srdce-650\/2-prostredi-funkce-a-zhodnoceni\" target=\"_blank\" rel=\"noopener nofollow\">TEST &#8211; Xiaomi Mi Box S<\/a><\/p>\n<p>Toto za\u0159\u00edzen\u00ed funguje skv\u011ble. Doporu\u010duji ho p\u0159edev\u0161\u00edm na televize kter\u00e9 maj\u00ed ji\u017e nov\u00fd standard vys\u00edl\u00e1n\u00ed DVBT-2. T\u00edm se zamez\u00ed nutnost pou\u017e\u00edv\u00e1n\u00ed n\u011bkolika ovlada\u010d\u016f a v\u011b\u010dn\u00e9 p\u0159ep\u00edn\u00e1n\u00ed mezi vstupy HDMI v nastaven\u00ed TV.&nbsp;<\/p>\n<p>Xiaomi Mi Box S dob\u0159e spolupracuje s propojen\u00fdm chytr\u00fdm telefonem i s Windows 10.&nbsp; Jedn\u00edm klikem lze z webov\u00fdch str\u00e1nek nebo YouTube do TV poslat a p\u0159ehr\u00e1vat video obsah z internetu. Sta\u010d\u00ed b\u00fdt aby ob\u011b za\u0159\u00edzen\u00ed byla p\u0159ipojena ke stejn\u00e9 wifi s\u00edti.<\/p>\n<p>K p\u0159ehr\u00e1v\u00e1n\u00ed film\u016f a hudby z USB flash pam\u011bti nebo z extern\u00edho disku zapojen\u00e9ho p\u0159es USB s Xiaomi Mi Boxem pou\u017e\u00edv\u00e1m aplikaci <strong>VLC<\/strong> sta\u017eenou z GooglePlay.<\/p>\n<hr>\n<h4>Android Launchers<\/h4>\n<p><a href=\"https:\/\/www.techowns.com\/best-launcher-for-android-tv\/\" target=\"_blank\" rel=\"noopener nofollow\">Best Launcher for Android TV \/ TV Box in 2020<\/a><\/p>\n<p>&nbsp;<\/p>\n<h3>Android TV a internetov\u00e9 prohl\u00ed\u017ee\u010de<\/h3>\n<p><a href=\"https:\/\/www.makeuseof.com\/tag\/best-browser-for-android-tv\/\" target=\"_blank\" rel=\"noopener nofollow\">Best Browsers for Android TV<\/a><br \/>\n\u010cl\u00e1nek: nejlep\u0161\u00ed internetov\u00e9 prohl\u00ed\u017ee\u010de pro Android TV<\/p>\n<h4>KODI<\/h4>\n<p><a href=\"https:\/\/www.xbmc-kodi.cz\/\" target=\"_blank\" rel=\"noopener nofollow\">KODI &#8211; str\u00e1nky v \u010de\u0161tin\u011b<\/a><\/p>\n<hr>\n<p><a href=\"https:\/\/www.spajk.cz\/jak-stahovat-videa-z-tv-nova\/\" target=\"_blank\" rel=\"noopener nofollow\">JAK STAHOVAT VIDEA ZV NOVA, IVYS\u00cdL\u00c1N\u00cd A PRIMA PLAY<\/a><\/p>\n<p>&nbsp;<\/p>\n<hr>\n<p><span style=\"color: #999999; font-size: 24px;\">Odkazy na zaj\u00edmav\u00e9 \u010dl\u00e1nky a informace<\/span><\/p>\n<hr>\n<p><strong>JAK SKONCOVAT S GOOGLEM<\/strong><br \/>\n<a href=\"https:\/\/www.spajk.cz\/jak-skoncovat-s-googlem\/\" target=\"_blank\" rel=\"noopener nofollow\">https:\/\/www.spajk.cz\/jak-skoncovat-s-googlem\/<\/a><\/p>\n<hr>\n<h3>Bitwarden<span style=\"color: #808080;\"> &#8211; spr\u00e1vce hesel<\/span><\/h3>\n<p>Opensource software<br \/>\nhttps:\/\/bitwarden.com\/<\/p>\n<p>Pro osobn\u00ed pou\u017eit\u00ed kompletn\u011b zdarma.<\/p>\n<p>\u010cl\u00e1nek:<a href=\"https:\/\/www.spajk.cz\/bitwarden-spravce-hesel-zdarma\/\" target=\"_blank\" rel=\"noopener nofollow\">https:\/\/www.spajk.cz\/bitwarden-spravce-hesel-zdarma\/<\/a><br \/>\nVideo:<a href=\"https:\/\/vimeo.com\/473828583\" target=\"_blank\" rel=\"noopener nofollow\">https:\/\/vimeo.com\/473828583<\/a><\/p>\n<p>&nbsp;<\/p>\n<p>&nbsp;<\/p>\n<hr>\n<h4><span style=\"color: #808080;\">Dal\u0161\u00ed \u010dl\u00e1nky <span style=\"color: #ff6600;\">na<\/span><span style=\"color: #339966;\">caj<\/span><span style=\"color: #0b96bd;\">.cz<\/span>:<\/span><\/h4>\n<ul>\n<li style=\"list-style-type: none;\">\n<ul>\n<li><span style=\"color: #333399;\"><a style=\"color: #333399;\" title=\"Sol\u00e1rn\u00ed energie - informace<\" href=\"https:\/\/nacaj.cz\/indie\/solarni-energie\/\">Sol\u00e1rn\u00ed energie<\/a><\/span><\/li>\n<li><span style=\"color: #333399;\"><a style=\"color: #333399;\" title=\"Fotovoltaika: Sol\u00e1rn\u00ed panely: typy sol\u00e1rn\u00edch panel\u016f: srovn\u00e1n\u00ed\" href=\"https:\/\/nacaj.cz\/indie\/fotovoltaika-solarni-panely\/\">Fotovoltaika: Sol\u00e1rn\u00ed panely: typy sol\u00e1rn\u00edch panel\u016f<\/a><\/span><\/li>\n<li><span style=\"color: #333399;\"><a style=\"color: #333399;\" title=\"Pas\u00edvn\u00ed sol\u00e1rn\u00ed syst\u00e9m k oh\u0159evu vzduchu a akumulaci tepla\" href=\"https:\/\/nacaj.cz\/indie\/pasivni-solarni-systemy\/\">Pas\u00edvn\u00ed sol\u00e1rn\u00ed syst\u00e9m k oh\u0159evu vzduchu a akumulaci tepla<\/a><\/span><\/li>\n<li><span style=\"color: #333399;\"><a style=\"color: #333399;\" title=\"Architektura - bydlen\u00ed - inspirace\" href=\"https:\/\/nacaj.cz\/indie\/bydleni-inspirace\/\">Architektura &#8211; bydlen\u00ed &#8211; inspirace<\/a><\/span><\/li>\n<li><span style=\"color: #333399;\"><a style=\"color: #333399;\" title=\"Kvalitn\u00ed webhosting v \u010cech\u00e1ch za dobrou cenu\" href=\"https:\/\/nacaj.cz\/indie\/kvalitni-webhosting-za-dobrou-cenu\/\">Kvalitn\u00ed webhosting v \u010cech\u00e1ch za dobrou cenu<\/a><\/span><\/li>\n<li><span style=\"color: #333399;\"><a style=\"color: #333399;\" title=\"Recenze HP Pavilion 15-cw\" href=\"https:\/\/nacaj.cz\/indie\/hp-pavilion-15-cw\/\">HP Pavilion 15-cw, notebook kter\u00fd se nepovedl<\/a><\/span><\/li>\n<\/ul>\n<\/li>\n<\/ul>\n<p style=\"text-align: right;\">Inspirace<\/p>\n<div class=\"synved-social-container synved-social-container-share\" style=\"text-align: right\"><a class=\"synved-social-button synved-social-button-share synved-social-size-32 synved-social-resolution-single synved-social-provider-facebook nolightbox\" data-provider=\"facebook\" target=\"_blank\" rel=\"nofollow\" title=\"Sd\u00edlejte na facebook.com\" href=\"https:\/\/www.facebook.com\/sharer.php?u=https%3A%2F%2Fnacaj.cz%2Findie%2Fwp-json%2Fwp%2Fv2%2Fpages%2F6410&#038;t=%21%20Mourek&#038;s=100&#038;p&#091;url&#093;=https%3A%2F%2Fnacaj.cz%2Findie%2Fwp-json%2Fwp%2Fv2%2Fpages%2F6410&#038;p&#091;images&#093;&#091;0&#093;=&#038;p&#091;title&#093;=%21%20Mourek\" style=\"font-size: 0px; width:32px;height:32px;margin:0;margin-bottom:5px;margin-right:5px;\"><img alt=\"Facebook\" title=\"Sd\u00edlejte na facebook.com\" class=\"synved-share-image synved-social-image synved-social-image-share\" width=\"32\" height=\"32\" style=\"display: inline; width:32px;height:32px; margin: 0; padding: 0; border: none; box-shadow: none;\" src=\"https:\/\/nacaj.cz\/indie\/wp-content\/plugins\/social-media-feather\/synved-social\/image\/social\/regular\/64x64\/facebook.png\" \/><\/a><a class=\"synved-social-button synved-social-button-share synved-social-size-32 synved-social-resolution-single synved-social-provider-twitter nolightbox\" data-provider=\"twitter\" target=\"_blank\" rel=\"nofollow\" title=\"Sd\u00edlejte na Twitteru\" href=\"https:\/\/twitter.com\/intent\/tweet?url=https%3A%2F%2Fnacaj.cz%2Findie%2Fwp-json%2Fwp%2Fv2%2Fpages%2F6410&#038;text=Sdd%C3%ADlejte%20s%20p%C5%99%C3%A1teli\" style=\"font-size: 0px; width:32px;height:32px;margin:0;margin-bottom:5px;margin-right:5px;\"><img alt=\"twitter\" title=\"Sd\u00edlejte na Twitteru\" class=\"synved-share-image synved-social-image synved-social-image-share\" width=\"32\" height=\"32\" style=\"display: inline; width:32px;height:32px; margin: 0; padding: 0; border: none; box-shadow: none;\" src=\"https:\/\/nacaj.cz\/indie\/wp-content\/plugins\/social-media-feather\/synved-social\/image\/social\/regular\/64x64\/twitter.png\" \/><\/a><a class=\"synved-social-button synved-social-button-share synved-social-size-32 synved-social-resolution-single synved-social-provider-reddit nolightbox\" data-provider=\"reddit\" target=\"_blank\" rel=\"nofollow\" title=\"Sd\u00edlejte na Reddit\" href=\"https:\/\/www.reddit.com\/submit?url=https%3A%2F%2Fnacaj.cz%2Findie%2Fwp-json%2Fwp%2Fv2%2Fpages%2F6410&#038;title=%21%20Mourek\" style=\"font-size: 0px; width:32px;height:32px;margin:0;margin-bottom:5px;margin-right:5px;\"><img alt=\"reddit\" title=\"Sd\u00edlejte na Reddit\" class=\"synved-share-image synved-social-image synved-social-image-share\" width=\"32\" height=\"32\" style=\"display: inline; width:32px;height:32px; margin: 0; padding: 0; border: none; box-shadow: none;\" src=\"https:\/\/nacaj.cz\/indie\/wp-content\/plugins\/social-media-feather\/synved-social\/image\/social\/regular\/64x64\/reddit.png\" \/><\/a><a class=\"synved-social-button synved-social-button-share synved-social-size-32 synved-social-resolution-single synved-social-provider-pinterest nolightbox\" data-provider=\"pinterest\" target=\"_blank\" rel=\"nofollow\" title=\"Pin it with Pinterest\" href=\"https:\/\/pinterest.com\/pin\/create\/button\/?url=https%3A%2F%2Fnacaj.cz%2Findie%2Fwp-json%2Fwp%2Fv2%2Fpages%2F6410&#038;media=&#038;description=%21%20Mourek\" style=\"font-size: 0px; width:32px;height:32px;margin:0;margin-bottom:5px;margin-right:5px;\"><img alt=\"pinterest\" title=\"Pin it with Pinterest\" class=\"synved-share-image synved-social-image synved-social-image-share\" width=\"32\" height=\"32\" style=\"display: inline; width:32px;height:32px; margin: 0; padding: 0; border: none; box-shadow: none;\" src=\"https:\/\/nacaj.cz\/indie\/wp-content\/plugins\/social-media-feather\/synved-social\/image\/social\/regular\/64x64\/pinterest.png\" \/><\/a><a class=\"synved-social-button synved-social-button-share synved-social-size-32 synved-social-resolution-single synved-social-provider-linkedin nolightbox\" data-provider=\"linkedin\" target=\"_blank\" rel=\"nofollow\" title=\"Sd\u00edlejte na Linkedin\" href=\"https:\/\/www.linkedin.com\/shareArticle?mini=true&#038;url=https%3A%2F%2Fnacaj.cz%2Findie%2Fwp-json%2Fwp%2Fv2%2Fpages%2F6410&#038;title=%21%20Mourek\" style=\"font-size: 0px; width:32px;height:32px;margin:0;margin-bottom:5px;margin-right:5px;\"><img alt=\"linkedin\" title=\"Sd\u00edlejte na Linkedin\" class=\"synved-share-image synved-social-image synved-social-image-share\" width=\"32\" height=\"32\" style=\"display: inline; width:32px;height:32px; margin: 0; padding: 0; border: none; box-shadow: none;\" src=\"https:\/\/nacaj.cz\/indie\/wp-content\/plugins\/social-media-feather\/synved-social\/image\/social\/regular\/64x64\/linkedin.png\" \/><\/a><a class=\"synved-social-button synved-social-button-share synved-social-size-32 synved-social-resolution-single synved-social-provider-tumblr nolightbox\" data-provider=\"tumblr\" target=\"_blank\" rel=\"nofollow\" title=\"Sd\u00edlejte na Tumblr\" href=\"https:\/\/tumblr.com\/share?s=&#038;v=3&#038;t=%21%20Mourek&#038;u=https%3A%2F%2Fnacaj.cz%2Findie%2Fwp-json%2Fwp%2Fv2%2Fpages%2F6410\" style=\"font-size: 0px; width:32px;height:32px;margin:0;margin-bottom:5px;\"><img alt=\"tumblr\" title=\"Sd\u00edlejte na Tumblr\" class=\"synved-share-image synved-social-image synved-social-image-share\" width=\"32\" height=\"32\" style=\"display: inline; width:32px;height:32px; margin: 0; padding: 0; border: none; box-shadow: none;\" src=\"https:\/\/nacaj.cz\/indie\/wp-content\/plugins\/social-media-feather\/synved-social\/image\/social\/regular\/64x64\/tumblr.png\" \/><\/a><\/div>","protected":false},"excerpt":{"rendered":"<p>LIVING&nbsp;&nbsp; &#8230;bydlen\u00ed, budov\u00e1n\u00ed, materi\u00e1ly, inspirace | sol\u00e1rn\u00ed energie |&nbsp;stavba |&nbsp;inspirace | &#8230;na \u010daj ANDROID TV &#8230;nen\u00ed chytr\u00e1 jako chytr\u00e1 &nbsp; Zku\u0161enosti s chytrou televiz\u00ed a z TV boxem. P\u0159iplatil jsem [&hellip;]<\/p>\n","protected":false},"author":1,"featured_media":0,"parent":0,"menu_order":0,"comment_status":"closed","ping_status":"closed","template":"page-full-width.php","meta":{"ngg_post_thumbnail":0},"yoast_head":"<!-- This site is optimized with the Yoast SEO plugin v16.3 - https:\/\/yoast.com\/wordpress\/plugins\/seo\/ -->\n<title>ANDROID TV - Smart TV box | Zku\u0161enosti s chytrou televiz\u00ed<\/title>\n<meta name=\"description\" content=\"Jak ud\u011blat ze star\u0161\u00ed televize &quot;chytrou TV&quot;. Android TV box a internetov\u00e9 prohl\u00ed\u017ee\u010de. Propojen\u00ed telefonu a po\u010d\u00edta\u010de s televiz\u00ed. Aplikace pro Smart TV\" \/>\n<meta name=\"robots\" content=\"index, follow, max-snippet:-1, max-image-preview:large, max-video-preview:-1\" \/>\n<link rel=\"canonical\" href=\"https:\/\/nacaj.cz\/indie\/mourek\/\" \/>\n<meta property=\"og:locale\" content=\"cs_CZ\" \/>\n<meta property=\"og:type\" content=\"article\" \/>\n<meta property=\"og:title\" content=\"ANDROID TV - Smart TV box | Zku\u0161enosti s chytrou televiz\u00ed\" \/>\n<meta property=\"og:description\" content=\"Jak ud\u011blat ze star\u0161\u00ed televize &quot;chytrou TV&quot;. Android TV box a internetov\u00e9 prohl\u00ed\u017ee\u010de. Propojen\u00ed telefonu a po\u010d\u00edta\u010de s televiz\u00ed. Aplikace pro Smart TV\" \/>\n<meta property=\"og:url\" content=\"https:\/\/nacaj.cz\/indie\/mourek\/\" \/>\n<meta property=\"og:site_name\" content=\"INDIE - Cestov\u00e1n\u00ed po Indii\" \/>\n<meta property=\"article:publisher\" content=\"https:\/\/www.facebook.com\/travel.exotika\/\" \/>\n<meta property=\"article:modified_time\" content=\"2023-10-30T10:38:09+00:00\" \/>\n<meta property=\"og:image\" content=\"https:\/\/nacaj.cz\/indie\/wp-content\/uploads\/2017\/11\/Indie-cestovani-po-indii.jpg\" \/>\n\t<meta property=\"og:image:width\" content=\"651\" \/>\n\t<meta property=\"og:image:height\" content=\"530\" \/>\n<meta name=\"twitter:label1\" content=\"Odhadovan\u00e1 doba \u010dten\u00ed\">\n\t<meta name=\"twitter:data1\" content=\"3 minuty\">\n<script type=\"application\/ld+json\" class=\"yoast-schema-graph\">{\"@context\":\"https:\/\/schema.org\",\"@graph\":[{\"@type\":\"Organization\",\"@id\":\"https:\/\/nacaj.cz\/indie\/#organization\",\"name\":\"NaCaj.cz\",\"url\":\"https:\/\/nacaj.cz\/indie\/\",\"sameAs\":[\"https:\/\/www.facebook.com\/travel.exotika\/\"],\"logo\":{\"@type\":\"ImageObject\",\"@id\":\"https:\/\/nacaj.cz\/indie\/#logo\",\"inLanguage\":\"cs\",\"url\":\"https:\/\/nacaj.cz\/indie\/wp-content\/uploads\/2018\/01\/Indie-cestovani-po-indii.jpg\",\"contentUrl\":\"https:\/\/nacaj.cz\/indie\/wp-content\/uploads\/2018\/01\/Indie-cestovani-po-indii.jpg\",\"width\":651,\"height\":530,\"caption\":\"NaCaj.cz\"},\"image\":{\"@id\":\"https:\/\/nacaj.cz\/indie\/#logo\"}},{\"@type\":\"WebSite\",\"@id\":\"https:\/\/nacaj.cz\/indie\/#website\",\"url\":\"https:\/\/nacaj.cz\/indie\/\",\"name\":\"INDIE - Cestov\\u00e1n\\u00ed po Indii\",\"description\":\"Cestov\\u00e1n\\u00ed: Exotika :-)\",\"publisher\":{\"@id\":\"https:\/\/nacaj.cz\/indie\/#organization\"},\"potentialAction\":[{\"@type\":\"SearchAction\",\"target\":\"https:\/\/nacaj.cz\/indie\/?s={search_term_string}\",\"query-input\":\"required name=search_term_string\"}],\"inLanguage\":\"cs\"},{\"@type\":\"WebPage\",\"@id\":\"https:\/\/nacaj.cz\/indie\/mourek\/#webpage\",\"url\":\"https:\/\/nacaj.cz\/indie\/mourek\/\",\"name\":\"ANDROID TV - Smart TV box | Zku\\u0161enosti s chytrou televiz\\u00ed\",\"isPartOf\":{\"@id\":\"https:\/\/nacaj.cz\/indie\/#website\"},\"datePublished\":\"2023-03-21T10:37:08+00:00\",\"dateModified\":\"2023-10-30T10:38:09+00:00\",\"description\":\"Jak ud\\u011blat ze star\\u0161\\u00ed televize \\\"chytrou TV\\\". Android TV box a internetov\\u00e9 prohl\\u00ed\\u017ee\\u010de. Propojen\\u00ed telefonu a po\\u010d\\u00edta\\u010de s televiz\\u00ed. Aplikace pro Smart TV\",\"breadcrumb\":{\"@id\":\"https:\/\/nacaj.cz\/indie\/mourek\/#breadcrumb\"},\"inLanguage\":\"cs\",\"potentialAction\":[{\"@type\":\"ReadAction\",\"target\":[\"https:\/\/nacaj.cz\/indie\/mourek\/\"]}]},{\"@type\":\"BreadcrumbList\",\"@id\":\"https:\/\/nacaj.cz\/indie\/mourek\/#breadcrumb\",\"itemListElement\":[{\"@type\":\"ListItem\",\"position\":1,\"item\":{\"@type\":\"WebPage\",\"@id\":\"https:\/\/nacaj.cz\/indie\/\",\"url\":\"https:\/\/nacaj.cz\/indie\/\",\"name\":\"Dom\\u016f\"}},{\"@type\":\"ListItem\",\"position\":2,\"item\":{\"@id\":\"https:\/\/nacaj.cz\/indie\/mourek\/#webpage\"}}]}]}<\/script>\n<!-- \/ Yoast SEO plugin. -->","_links":{"self":[{"href":"https:\/\/nacaj.cz\/indie\/wp-json\/wp\/v2\/pages\/6410"}],"collection":[{"href":"https:\/\/nacaj.cz\/indie\/wp-json\/wp\/v2\/pages"}],"about":[{"href":"https:\/\/nacaj.cz\/indie\/wp-json\/wp\/v2\/types\/page"}],"author":[{"embeddable":true,"href":"https:\/\/nacaj.cz\/indie\/wp-json\/wp\/v2\/users\/1"}],"replies":[{"embeddable":true,"href":"https:\/\/nacaj.cz\/indie\/wp-json\/wp\/v2\/comments?post=6410"}],"version-history":[{"count":0,"href":"https:\/\/nacaj.cz\/indie\/wp-json\/wp\/v2\/pages\/6410\/revisions"}],"wp:attachment":[{"href":"https:\/\/nacaj.cz\/indie\/wp-json\/wp\/v2\/media?parent=6410"}],"curies":[{"name":"wp","href":"https:\/\/api.w.org\/{rel}","templated":true}]}}