{"id":5651,"date":"2025-05-08T11:14:13","date_gmt":"2025-05-08T09:14:13","guid":{"rendered":"http:\/\/nacaj.cz\/indie\/?page_id=5651"},"modified":"2025-05-09T00:40:11","modified_gmt":"2025-05-08T22:40:11","slug":"aktualni-kurz-indicke-rupie","status":"publish","type":"page","link":"https:\/\/nacaj.cz\/indie\/aktualni-kurz-indicke-rupie\/","title":{"rendered":"Aktu\u00e1ln\u00ed kurz Indick\u00e9 Rupie"},"content":{"rendered":"<div class=\"synved-social-container synved-social-container-share\" style=\"text-align: right\"><a class=\"synved-social-button synved-social-button-share synved-social-size-32 synved-social-resolution-single synved-social-provider-facebook nolightbox\" data-provider=\"facebook\" target=\"_blank\" rel=\"nofollow\" title=\"Sd\u00edlejte na facebook.com\" href=\"https:\/\/www.facebook.com\/sharer.php?u=https%3A%2F%2Fnacaj.cz%2Findie%2Fwp-json%2Fwp%2Fv2%2Fpages%2F5651&#038;t=Aktu%C3%A1ln%C3%AD%20kurz%20Indick%C3%A9%20Rupie&#038;s=100&#038;p&#091;url&#093;=https%3A%2F%2Fnacaj.cz%2Findie%2Fwp-json%2Fwp%2Fv2%2Fpages%2F5651&#038;p&#091;images&#093;&#091;0&#093;=https%3A%2F%2Fnacaj.cz%2Findie%2Fwp-content%2Fuploads%2F2018%2F09%2F10-indicka-rupie-nova-bankovka.jpg&#038;p&#091;title&#093;=Aktu%C3%A1ln%C3%AD%20kurz%20Indick%C3%A9%20Rupie\" style=\"font-size: 0px; width:32px;height:32px;margin:0;margin-bottom:5px;margin-right:5px;\"><img alt=\"Facebook\" title=\"Sd\u00edlejte na facebook.com\" class=\"synved-share-image synved-social-image synved-social-image-share\" width=\"32\" height=\"32\" style=\"display: inline; width:32px;height:32px; margin: 0; padding: 0; border: none; box-shadow: none;\" src=\"https:\/\/nacaj.cz\/indie\/wp-content\/plugins\/social-media-feather\/synved-social\/image\/social\/regular\/64x64\/facebook.png\" \/><\/a><a class=\"synved-social-button synved-social-button-share synved-social-size-32 synved-social-resolution-single synved-social-provider-twitter nolightbox\" data-provider=\"twitter\" target=\"_blank\" rel=\"nofollow\" title=\"Sd\u00edlejte na Twitteru\" href=\"https:\/\/twitter.com\/intent\/tweet?url=https%3A%2F%2Fnacaj.cz%2Findie%2Fwp-json%2Fwp%2Fv2%2Fpages%2F5651&#038;text=Sdd%C3%ADlejte%20s%20p%C5%99%C3%A1teli\" style=\"font-size: 0px; width:32px;height:32px;margin:0;margin-bottom:5px;margin-right:5px;\"><img alt=\"twitter\" title=\"Sd\u00edlejte na Twitteru\" class=\"synved-share-image synved-social-image synved-social-image-share\" width=\"32\" height=\"32\" style=\"display: inline; width:32px;height:32px; margin: 0; padding: 0; border: none; box-shadow: none;\" src=\"https:\/\/nacaj.cz\/indie\/wp-content\/plugins\/social-media-feather\/synved-social\/image\/social\/regular\/64x64\/twitter.png\" \/><\/a><a class=\"synved-social-button synved-social-button-share synved-social-size-32 synved-social-resolution-single synved-social-provider-reddit nolightbox\" data-provider=\"reddit\" target=\"_blank\" rel=\"nofollow\" title=\"Sd\u00edlejte na Reddit\" href=\"https:\/\/www.reddit.com\/submit?url=https%3A%2F%2Fnacaj.cz%2Findie%2Fwp-json%2Fwp%2Fv2%2Fpages%2F5651&#038;title=Aktu%C3%A1ln%C3%AD%20kurz%20Indick%C3%A9%20Rupie\" style=\"font-size: 0px; width:32px;height:32px;margin:0;margin-bottom:5px;margin-right:5px;\"><img alt=\"reddit\" title=\"Sd\u00edlejte na Reddit\" class=\"synved-share-image synved-social-image synved-social-image-share\" width=\"32\" height=\"32\" style=\"display: inline; width:32px;height:32px; margin: 0; padding: 0; border: none; box-shadow: none;\" src=\"https:\/\/nacaj.cz\/indie\/wp-content\/plugins\/social-media-feather\/synved-social\/image\/social\/regular\/64x64\/reddit.png\" \/><\/a><a class=\"synved-social-button synved-social-button-share synved-social-size-32 synved-social-resolution-single synved-social-provider-pinterest nolightbox\" data-provider=\"pinterest\" target=\"_blank\" rel=\"nofollow\" title=\"Pin it with Pinterest\" href=\"https:\/\/pinterest.com\/pin\/create\/button\/?url=https%3A%2F%2Fnacaj.cz%2Findie%2Fwp-json%2Fwp%2Fv2%2Fpages%2F5651&#038;media=https%3A%2F%2Fnacaj.cz%2Findie%2Fwp-content%2Fuploads%2F2018%2F09%2F10-indicka-rupie-nova-bankovka.jpg&#038;description=Aktu%C3%A1ln%C3%AD%20kurz%20Indick%C3%A9%20Rupie\" style=\"font-size: 0px; width:32px;height:32px;margin:0;margin-bottom:5px;margin-right:5px;\"><img alt=\"pinterest\" title=\"Pin it with Pinterest\" class=\"synved-share-image synved-social-image synved-social-image-share\" width=\"32\" height=\"32\" style=\"display: inline; width:32px;height:32px; margin: 0; padding: 0; border: none; box-shadow: none;\" src=\"https:\/\/nacaj.cz\/indie\/wp-content\/plugins\/social-media-feather\/synved-social\/image\/social\/regular\/64x64\/pinterest.png\" \/><\/a><a class=\"synved-social-button synved-social-button-share synved-social-size-32 synved-social-resolution-single synved-social-provider-linkedin nolightbox\" data-provider=\"linkedin\" target=\"_blank\" rel=\"nofollow\" title=\"Sd\u00edlejte na Linkedin\" href=\"https:\/\/www.linkedin.com\/shareArticle?mini=true&#038;url=https%3A%2F%2Fnacaj.cz%2Findie%2Fwp-json%2Fwp%2Fv2%2Fpages%2F5651&#038;title=Aktu%C3%A1ln%C3%AD%20kurz%20Indick%C3%A9%20Rupie\" style=\"font-size: 0px; width:32px;height:32px;margin:0;margin-bottom:5px;margin-right:5px;\"><img alt=\"linkedin\" title=\"Sd\u00edlejte na Linkedin\" class=\"synved-share-image synved-social-image synved-social-image-share\" width=\"32\" height=\"32\" style=\"display: inline; width:32px;height:32px; margin: 0; padding: 0; border: none; box-shadow: none;\" src=\"https:\/\/nacaj.cz\/indie\/wp-content\/plugins\/social-media-feather\/synved-social\/image\/social\/regular\/64x64\/linkedin.png\" \/><\/a><a class=\"synved-social-button synved-social-button-share synved-social-size-32 synved-social-resolution-single synved-social-provider-tumblr nolightbox\" data-provider=\"tumblr\" target=\"_blank\" rel=\"nofollow\" title=\"Sd\u00edlejte na Tumblr\" href=\"https:\/\/tumblr.com\/share?s=&#038;v=3&#038;t=Aktu%C3%A1ln%C3%AD%20kurz%20Indick%C3%A9%20Rupie&#038;u=https%3A%2F%2Fnacaj.cz%2Findie%2Fwp-json%2Fwp%2Fv2%2Fpages%2F5651\" style=\"font-size: 0px; width:32px;height:32px;margin:0;margin-bottom:5px;\"><img alt=\"tumblr\" title=\"Sd\u00edlejte na Tumblr\" class=\"synved-share-image synved-social-image synved-social-image-share\" width=\"32\" height=\"32\" style=\"display: inline; width:32px;height:32px; margin: 0; padding: 0; border: none; box-shadow: none;\" src=\"https:\/\/nacaj.cz\/indie\/wp-content\/plugins\/social-media-feather\/synved-social\/image\/social\/regular\/64x64\/tumblr.png\" \/><\/a><\/div><h3><span style=\"color: #808080;\">Aktu\u00e1ln\u00ed kurz INR &#8211; CZK &#8211; EUR &#8211; USD<\/span><\/h3>\n<h2><span style=\"color: #ff6600;\">Indick\u00e1 Rupie \u20b9, INR, Rs.<\/span><\/h2>\n<div style=\"background-color: #ebebeb; text-align: center;\"><span style=\"color: #999999;\">Zadejte \u010d\u00e1sku + m\u011bnu + m\u011bnu na kterou chcete sm\u011bnit<\/span><br \/>\n<iframe style=\"border: none;\" src=\"https:\/\/nacaj.cz\/indie\/kurz-rupie.html\" name=\"iframe_kurz\" width=\"550\" height=\"80\"><\/iframe><br \/>\n<a href=\"https:\/\/nacaj.cz\/indie\/kurz-rupie.html\" target=\"iframe_kurz\" rel=\"nofollow noopener\">\u27a4 Znovu na\u010d\u00edst kurz Indick\u00e9 Rupie<\/a><\/div>\n<p>&nbsp;<\/p>\n<p>Toto je ide\u00e1ln\u00ed kurz Indick\u00e9 Rupie. Ve sm\u011bn\u00e1rn\u00e1ch i p\u0159i v\u00fdb\u011bru z bankomatu po\u010d\u00edtejte s o trochu hor\u0161\u00edm kurzem.&nbsp;<br \/>\nZ Indick\u00e9ho bankomatu lze v sou\u010dasnosti vyb\u00edrat maxim\u00e1ln\u011b 10.000 Rupi\u00ed.<br \/>\n<span style=\"color: #808080;\"><em>(Psal mi cestovatel, kter\u00e9mu se pr\u00fd v Kerale da\u0159ilo vyb\u00edrat 30.000 Rupi\u00ed na jeden v\u00fdb\u011br).<\/em><\/span><\/p>\n<p>Doporu\u010duji v\u017edy vyb\u00edrat tuto maxim\u00e1ln\u00ed \u010d\u00e1stku a t\u00edm eliminovat mno\u017estv\u00ed poplatk\u016f. P\u0159i v\u00fdb\u011bru z bankomatu si n\u011bkter\u00e9 \u010desk\u00e9 banky p\u0159ipo\u010d\u00edt\u00e1vaj\u00ed poplatek kolem 100 K\u010d za jeden v\u00fdb\u011br.<br \/>\nMnoh\u00e9 \u010desk\u00e9 banky ji\u017e poplatek za prvn\u00edch n\u011bkolik v\u00fdb\u011br\u016f v m\u011bs\u00edci mimo EU ji\u017e zru\u0161ily. Kompenzuj\u00ed to ale hor\u0161\u00edm kurzem m\u011bn.<\/p>\n<p>\u0158e\u0161en\u00edm je vyu\u017eit\u00ed \u00fa\u010dtu a platebn\u00ed karty u banky REVOLUT, kter\u00fd umo\u017e\u0148uje sm\u011bnu mnoha m\u011bn ve v\u00fdhodn\u00e9m st\u0159edov\u00e9m kurzu.<\/p>\n<h4>O v\u00fdhod\u00e1ch a osobn\u00edch zku\u0161enostech s \u00fa\u010dtem Revolut p\u00ed\u0161i zde:&nbsp;<\/h4>\n<ul>\n<li style=\"list-style-type: none;\">\n<ul>\n<li><a href=\"https:\/\/nacaj.cz\/indie\/cestovani-a-platebni-karta-revolut-v-zahranici\/\"><strong>\u27a4 \u00da\u010det Revolut, platebn\u00ed karta a v\u00fdb\u011br z bankomatu v zahrani\u010d\u00ed<\/strong><\/a><\/li>\n<\/ul>\n<\/li>\n<\/ul>\n<p>&nbsp;<\/p>\n<p>&nbsp;<\/p>\n<p><span style=\"color: #008000;\"><strong>Souvisej\u00edc\u00ed \u010dl\u00e1nky:&nbsp;<\/strong><\/span><\/p>\n<ul>\n<li><strong><a title=\"V\u00fdm\u011bna pen\u011bz v Indii, sm\u011bn\u00e1rny a bankomaty\" href=\"https:\/\/nacaj.cz\/indie\/vymena-penez-v-indii-eur-usd-bankomaty\/\">\u27a4 V\u00fdm\u011bna pen\u011bz v Indii, sm\u011bn\u00e1rny a bankomaty<\/a><\/strong><\/li>\n<li><a title=\"Indick\u00e9 bankovky\" href=\"https:\/\/nacaj.cz\/indie\/indicke-rupie-inr-bankovky\/\">\u27a4 Indick\u00e9 bankovky<\/a><\/li>\n<li><a title=\"Ceny v Indii\" href=\"https:\/\/nacaj.cz\/indie\/ceny-v-indii-ubytovani-strava-doprava\/\">\u27a4 Ceny v Indii<\/a><\/li>\n<\/ul>\n<p>&nbsp;<\/p>\n<figure id=\"attachment_4428\" aria-describedby=\"caption-attachment-4428\" style=\"width: 521px\" class=\"wp-caption aligncenter\"><a href=\"https:\/\/nacaj.cz\/indie\/wp-content\/uploads\/2017\/01\/Indicke-bankovky-rupie-f.jpg\"><img loading=\"lazy\" class=\"size-full wp-image-4428\" src=\"https:\/\/nacaj.cz\/indie\/wp-content\/uploads\/2017\/01\/Indicke-bankovky-rupie-f.jpg\" alt=\"Indick\u00e9 Rupie - platn\u00e9 bankovky 2018\" width=\"521\" height=\"206\" srcset=\"https:\/\/nacaj.cz\/indie\/wp-content\/uploads\/2017\/01\/Indicke-bankovky-rupie-f.jpg 521w, https:\/\/nacaj.cz\/indie\/wp-content\/uploads\/2017\/01\/Indicke-bankovky-rupie-f-150x59.jpg 150w\" sizes=\"(max-width: 521px) 100vw, 521px\" \/><\/a><figcaption id=\"caption-attachment-4428\" class=\"wp-caption-text\"><span style=\"color: #999999;\"><strong>Indick\u00e9 Rupie<\/strong><\/span><\/figcaption><\/figure>\n<div class=\"synved-social-container synved-social-container-share\" style=\"text-align: right\"><a class=\"synved-social-button synved-social-button-share synved-social-size-32 synved-social-resolution-single synved-social-provider-facebook nolightbox\" data-provider=\"facebook\" target=\"_blank\" rel=\"nofollow\" title=\"Sd\u00edlejte na facebook.com\" href=\"https:\/\/www.facebook.com\/sharer.php?u=https%3A%2F%2Fnacaj.cz%2Findie%2Fwp-json%2Fwp%2Fv2%2Fpages%2F5651&#038;t=Aktu%C3%A1ln%C3%AD%20kurz%20Indick%C3%A9%20Rupie&#038;s=100&#038;p&#091;url&#093;=https%3A%2F%2Fnacaj.cz%2Findie%2Fwp-json%2Fwp%2Fv2%2Fpages%2F5651&#038;p&#091;images&#093;&#091;0&#093;=https%3A%2F%2Fnacaj.cz%2Findie%2Fwp-content%2Fuploads%2F2018%2F09%2F10-indicka-rupie-nova-bankovka.jpg&#038;p&#091;title&#093;=Aktu%C3%A1ln%C3%AD%20kurz%20Indick%C3%A9%20Rupie\" style=\"font-size: 0px; width:32px;height:32px;margin:0;margin-bottom:5px;margin-right:5px;\"><img alt=\"Facebook\" title=\"Sd\u00edlejte na facebook.com\" class=\"synved-share-image synved-social-image synved-social-image-share\" width=\"32\" height=\"32\" style=\"display: inline; width:32px;height:32px; margin: 0; padding: 0; border: none; box-shadow: none;\" src=\"https:\/\/nacaj.cz\/indie\/wp-content\/plugins\/social-media-feather\/synved-social\/image\/social\/regular\/64x64\/facebook.png\" \/><\/a><a class=\"synved-social-button synved-social-button-share synved-social-size-32 synved-social-resolution-single synved-social-provider-twitter nolightbox\" data-provider=\"twitter\" target=\"_blank\" rel=\"nofollow\" title=\"Sd\u00edlejte na Twitteru\" href=\"https:\/\/twitter.com\/intent\/tweet?url=https%3A%2F%2Fnacaj.cz%2Findie%2Fwp-json%2Fwp%2Fv2%2Fpages%2F5651&#038;text=Sdd%C3%ADlejte%20s%20p%C5%99%C3%A1teli\" style=\"font-size: 0px; width:32px;height:32px;margin:0;margin-bottom:5px;margin-right:5px;\"><img alt=\"twitter\" title=\"Sd\u00edlejte na Twitteru\" class=\"synved-share-image synved-social-image synved-social-image-share\" width=\"32\" height=\"32\" style=\"display: inline; width:32px;height:32px; margin: 0; padding: 0; border: none; box-shadow: none;\" src=\"https:\/\/nacaj.cz\/indie\/wp-content\/plugins\/social-media-feather\/synved-social\/image\/social\/regular\/64x64\/twitter.png\" \/><\/a><a class=\"synved-social-button synved-social-button-share synved-social-size-32 synved-social-resolution-single synved-social-provider-reddit nolightbox\" data-provider=\"reddit\" target=\"_blank\" rel=\"nofollow\" title=\"Sd\u00edlejte na Reddit\" href=\"https:\/\/www.reddit.com\/submit?url=https%3A%2F%2Fnacaj.cz%2Findie%2Fwp-json%2Fwp%2Fv2%2Fpages%2F5651&#038;title=Aktu%C3%A1ln%C3%AD%20kurz%20Indick%C3%A9%20Rupie\" style=\"font-size: 0px; width:32px;height:32px;margin:0;margin-bottom:5px;margin-right:5px;\"><img alt=\"reddit\" title=\"Sd\u00edlejte na Reddit\" class=\"synved-share-image synved-social-image synved-social-image-share\" width=\"32\" height=\"32\" style=\"display: inline; width:32px;height:32px; margin: 0; padding: 0; border: none; box-shadow: none;\" src=\"https:\/\/nacaj.cz\/indie\/wp-content\/plugins\/social-media-feather\/synved-social\/image\/social\/regular\/64x64\/reddit.png\" \/><\/a><a class=\"synved-social-button synved-social-button-share synved-social-size-32 synved-social-resolution-single synved-social-provider-pinterest nolightbox\" data-provider=\"pinterest\" target=\"_blank\" rel=\"nofollow\" title=\"Pin it with Pinterest\" href=\"https:\/\/pinterest.com\/pin\/create\/button\/?url=https%3A%2F%2Fnacaj.cz%2Findie%2Fwp-json%2Fwp%2Fv2%2Fpages%2F5651&#038;media=https%3A%2F%2Fnacaj.cz%2Findie%2Fwp-content%2Fuploads%2F2018%2F09%2F10-indicka-rupie-nova-bankovka.jpg&#038;description=Aktu%C3%A1ln%C3%AD%20kurz%20Indick%C3%A9%20Rupie\" style=\"font-size: 0px; width:32px;height:32px;margin:0;margin-bottom:5px;margin-right:5px;\"><img alt=\"pinterest\" title=\"Pin it with Pinterest\" class=\"synved-share-image synved-social-image synved-social-image-share\" width=\"32\" height=\"32\" style=\"display: inline; width:32px;height:32px; margin: 0; padding: 0; border: none; box-shadow: none;\" src=\"https:\/\/nacaj.cz\/indie\/wp-content\/plugins\/social-media-feather\/synved-social\/image\/social\/regular\/64x64\/pinterest.png\" \/><\/a><a class=\"synved-social-button synved-social-button-share synved-social-size-32 synved-social-resolution-single synved-social-provider-linkedin nolightbox\" data-provider=\"linkedin\" target=\"_blank\" rel=\"nofollow\" title=\"Sd\u00edlejte na Linkedin\" href=\"https:\/\/www.linkedin.com\/shareArticle?mini=true&#038;url=https%3A%2F%2Fnacaj.cz%2Findie%2Fwp-json%2Fwp%2Fv2%2Fpages%2F5651&#038;title=Aktu%C3%A1ln%C3%AD%20kurz%20Indick%C3%A9%20Rupie\" style=\"font-size: 0px; width:32px;height:32px;margin:0;margin-bottom:5px;margin-right:5px;\"><img alt=\"linkedin\" title=\"Sd\u00edlejte na Linkedin\" class=\"synved-share-image synved-social-image synved-social-image-share\" width=\"32\" height=\"32\" style=\"display: inline; width:32px;height:32px; margin: 0; padding: 0; border: none; box-shadow: none;\" src=\"https:\/\/nacaj.cz\/indie\/wp-content\/plugins\/social-media-feather\/synved-social\/image\/social\/regular\/64x64\/linkedin.png\" \/><\/a><a class=\"synved-social-button synved-social-button-share synved-social-size-32 synved-social-resolution-single synved-social-provider-tumblr nolightbox\" data-provider=\"tumblr\" target=\"_blank\" rel=\"nofollow\" title=\"Sd\u00edlejte na Tumblr\" href=\"https:\/\/tumblr.com\/share?s=&#038;v=3&#038;t=Aktu%C3%A1ln%C3%AD%20kurz%20Indick%C3%A9%20Rupie&#038;u=https%3A%2F%2Fnacaj.cz%2Findie%2Fwp-json%2Fwp%2Fv2%2Fpages%2F5651\" style=\"font-size: 0px; width:32px;height:32px;margin:0;margin-bottom:5px;\"><img alt=\"tumblr\" title=\"Sd\u00edlejte na Tumblr\" class=\"synved-share-image synved-social-image synved-social-image-share\" width=\"32\" height=\"32\" style=\"display: inline; width:32px;height:32px; margin: 0; padding: 0; border: none; box-shadow: none;\" src=\"https:\/\/nacaj.cz\/indie\/wp-content\/plugins\/social-media-feather\/synved-social\/image\/social\/regular\/64x64\/tumblr.png\" \/><\/a><\/div>","protected":false},"excerpt":{"rendered":"<p>Aktu\u00e1ln\u00ed kurz INR &#8211; CZK &#8211; EUR &#8211; USD Indick\u00e1 Rupie \u20b9, INR, Rs. Zadejte \u010d\u00e1sku + m\u011bnu + m\u011bnu na kterou chcete sm\u011bnit \u27a4 Znovu na\u010d\u00edst kurz Indick\u00e9 Rupie [&hellip;]<\/p>\n","protected":false},"author":1,"featured_media":5825,"parent":0,"menu_order":0,"comment_status":"closed","ping_status":"closed","template":"","meta":{"ngg_post_thumbnail":0},"yoast_head":"<!-- This site is optimized with the Yoast SEO plugin v16.3 - https:\/\/yoast.com\/wordpress\/plugins\/seo\/ -->\n<title>Aktu\u00e1ln\u00ed kurz Indick\u00e9 Rupie \u2665 Indie 2026<\/title>\n<meta name=\"description\" content=\"Indick\u00e1 Rupie \u20b9, INR, Rs. Aktu\u00e1ln\u00ed kurz Indick\u00e9 rupie: CZK - EUR - USD. V\u00fdm\u011bna pen\u011bz v Indii: Sm\u011bn\u00e1rny v Indii. V\u00fdb\u011bry z bankomatu v Indii. Platn\u00e9 Indick\u00e9 bankovky. Ceny v Indii.\" \/>\n<meta name=\"robots\" content=\"index, follow, max-snippet:-1, max-image-preview:large, max-video-preview:-1\" \/>\n<link rel=\"canonical\" href=\"https:\/\/nacaj.cz\/indie\/aktualni-kurz-indicke-rupie\/\" \/>\n<meta property=\"og:locale\" content=\"cs_CZ\" \/>\n<meta property=\"og:type\" content=\"article\" \/>\n<meta property=\"og:title\" content=\"Aktu\u00e1ln\u00ed kurz Indick\u00e9 Rupie \u2665 Indie 2026\" \/>\n<meta property=\"og:description\" content=\"Indick\u00e1 Rupie \u20b9, INR, Rs. Aktu\u00e1ln\u00ed kurz Indick\u00e9 rupie: CZK - EUR - USD. V\u00fdm\u011bna pen\u011bz v Indii: Sm\u011bn\u00e1rny v Indii. V\u00fdb\u011bry z bankomatu v Indii. Platn\u00e9 Indick\u00e9 bankovky. Ceny v Indii.\" \/>\n<meta property=\"og:url\" content=\"https:\/\/nacaj.cz\/indie\/aktualni-kurz-indicke-rupie\/\" \/>\n<meta property=\"og:site_name\" content=\"INDIE - Cestov\u00e1n\u00ed po Indii\" \/>\n<meta property=\"article:publisher\" content=\"https:\/\/www.facebook.com\/travel.exotika\/\" \/>\n<meta property=\"article:modified_time\" content=\"2025-05-08T22:40:11+00:00\" \/>\n<meta property=\"og:image\" content=\"https:\/\/nacaj.cz\/indie\/wp-content\/uploads\/2018\/09\/10-indicka-rupie-nova-bankovka.jpg\" \/>\n\t<meta property=\"og:image:width\" content=\"800\" \/>\n\t<meta property=\"og:image:height\" content=\"413\" \/>\n<meta name=\"twitter:label1\" content=\"Odhadovan\u00e1 doba \u010dten\u00ed\">\n\t<meta name=\"twitter:data1\" content=\"2 minuty\">\n<script type=\"application\/ld+json\" class=\"yoast-schema-graph\">{\"@context\":\"https:\/\/schema.org\",\"@graph\":[{\"@type\":\"Organization\",\"@id\":\"https:\/\/nacaj.cz\/indie\/#organization\",\"name\":\"NaCaj.cz\",\"url\":\"https:\/\/nacaj.cz\/indie\/\",\"sameAs\":[\"https:\/\/www.facebook.com\/travel.exotika\/\"],\"logo\":{\"@type\":\"ImageObject\",\"@id\":\"https:\/\/nacaj.cz\/indie\/#logo\",\"inLanguage\":\"cs\",\"url\":\"https:\/\/nacaj.cz\/indie\/wp-content\/uploads\/2018\/01\/Indie-cestovani-po-indii.jpg\",\"contentUrl\":\"https:\/\/nacaj.cz\/indie\/wp-content\/uploads\/2018\/01\/Indie-cestovani-po-indii.jpg\",\"width\":651,\"height\":530,\"caption\":\"NaCaj.cz\"},\"image\":{\"@id\":\"https:\/\/nacaj.cz\/indie\/#logo\"}},{\"@type\":\"WebSite\",\"@id\":\"https:\/\/nacaj.cz\/indie\/#website\",\"url\":\"https:\/\/nacaj.cz\/indie\/\",\"name\":\"INDIE - Cestov\\u00e1n\\u00ed po Indii\",\"description\":\"Cestov\\u00e1n\\u00ed: Exotika :-)\",\"publisher\":{\"@id\":\"https:\/\/nacaj.cz\/indie\/#organization\"},\"potentialAction\":[{\"@type\":\"SearchAction\",\"target\":\"https:\/\/nacaj.cz\/indie\/?s={search_term_string}\",\"query-input\":\"required name=search_term_string\"}],\"inLanguage\":\"cs\"},{\"@type\":\"ImageObject\",\"@id\":\"https:\/\/nacaj.cz\/indie\/aktualni-kurz-indicke-rupie\/#primaryimage\",\"inLanguage\":\"cs\",\"url\":\"https:\/\/nacaj.cz\/indie\/wp-content\/uploads\/2018\/09\/10-indicka-rupie-nova-bankovka.jpg\",\"contentUrl\":\"https:\/\/nacaj.cz\/indie\/wp-content\/uploads\/2018\/09\/10-indicka-rupie-nova-bankovka.jpg\",\"width\":800,\"height\":413},{\"@type\":\"WebPage\",\"@id\":\"https:\/\/nacaj.cz\/indie\/aktualni-kurz-indicke-rupie\/#webpage\",\"url\":\"https:\/\/nacaj.cz\/indie\/aktualni-kurz-indicke-rupie\/\",\"name\":\"Aktu\\u00e1ln\\u00ed kurz Indick\\u00e9 Rupie \\u2665 Indie 2026\",\"isPartOf\":{\"@id\":\"https:\/\/nacaj.cz\/indie\/#website\"},\"primaryImageOfPage\":{\"@id\":\"https:\/\/nacaj.cz\/indie\/aktualni-kurz-indicke-rupie\/#primaryimage\"},\"datePublished\":\"2025-05-08T09:14:13+00:00\",\"dateModified\":\"2025-05-08T22:40:11+00:00\",\"description\":\"Indick\\u00e1 Rupie \\u20b9, INR, Rs. Aktu\\u00e1ln\\u00ed kurz Indick\\u00e9 rupie: CZK - EUR - USD. V\\u00fdm\\u011bna pen\\u011bz v Indii: Sm\\u011bn\\u00e1rny v Indii. V\\u00fdb\\u011bry z bankomatu v Indii. Platn\\u00e9 Indick\\u00e9 bankovky. Ceny v Indii.\",\"breadcrumb\":{\"@id\":\"https:\/\/nacaj.cz\/indie\/aktualni-kurz-indicke-rupie\/#breadcrumb\"},\"inLanguage\":\"cs\",\"potentialAction\":[{\"@type\":\"ReadAction\",\"target\":[\"https:\/\/nacaj.cz\/indie\/aktualni-kurz-indicke-rupie\/\"]}]},{\"@type\":\"BreadcrumbList\",\"@id\":\"https:\/\/nacaj.cz\/indie\/aktualni-kurz-indicke-rupie\/#breadcrumb\",\"itemListElement\":[{\"@type\":\"ListItem\",\"position\":1,\"item\":{\"@type\":\"WebPage\",\"@id\":\"https:\/\/nacaj.cz\/indie\/\",\"url\":\"https:\/\/nacaj.cz\/indie\/\",\"name\":\"Dom\\u016f\"}},{\"@type\":\"ListItem\",\"position\":2,\"item\":{\"@id\":\"https:\/\/nacaj.cz\/indie\/aktualni-kurz-indicke-rupie\/#webpage\"}}]}]}<\/script>\n<!-- \/ Yoast SEO plugin. -->","_links":{"self":[{"href":"https:\/\/nacaj.cz\/indie\/wp-json\/wp\/v2\/pages\/5651"}],"collection":[{"href":"https:\/\/nacaj.cz\/indie\/wp-json\/wp\/v2\/pages"}],"about":[{"href":"https:\/\/nacaj.cz\/indie\/wp-json\/wp\/v2\/types\/page"}],"author":[{"embeddable":true,"href":"https:\/\/nacaj.cz\/indie\/wp-json\/wp\/v2\/users\/1"}],"replies":[{"embeddable":true,"href":"https:\/\/nacaj.cz\/indie\/wp-json\/wp\/v2\/comments?post=5651"}],"version-history":[{"count":0,"href":"https:\/\/nacaj.cz\/indie\/wp-json\/wp\/v2\/pages\/5651\/revisions"}],"wp:featuredmedia":[{"embeddable":true,"href":"https:\/\/nacaj.cz\/indie\/wp-json\/wp\/v2\/media\/5825"}],"wp:attachment":[{"href":"https:\/\/nacaj.cz\/indie\/wp-json\/wp\/v2\/media?parent=5651"}],"curies":[{"name":"wp","href":"https:\/\/api.w.org\/{rel}","templated":true}]}}